CRAN Package Check Results for Package trawl

Last updated on 2025-01-22 09:49:50 CET.

Flavor Version Tinstall Tcheck Ttotal Status Flags
r-devel-linux-x86_64-debian-clang 0.2.2 3.67 84.20 87.87 OK
r-devel-linux-x86_64-debian-gcc 0.2.2 2.68 64.24 66.92 OK
r-devel-linux-x86_64-fedora-clang 0.2.2 154.88 OK
r-devel-linux-x86_64-fedora-gcc 0.2.2 165.35 OK
r-devel-windows-x86_64 0.2.2 5.00 186.00 191.00 OK
r-patched-linux-x86_64 0.2.2 3.80 82.56 86.36 NOTE
r-release-linux-x86_64 0.2.2 2.46 81.65 84.11 NOTE
r-release-macos-arm64 0.2.2 64.00 NOTE
r-release-macos-x86_64 0.2.2 86.00 NOTE
r-release-windows-x86_64 0.2.2 6.00 177.00 183.00 NOTE
r-oldrel-macos-arm64 0.2.2 69.00 NOTE
r-oldrel-macos-x86_64 0.2.2 101.00 NOTE
r-oldrel-windows-x86_64 0.2.2 6.00 173.00 179.00 NOTE

Check Details

Version: 0.2.2
Check: LazyData
Result: NOTE 'LazyData' is specified without a 'data' directory Flavors: r-patched-linux-x86_64, r-release-linux-x86_64, r-release-macos-arm64, r-release-macos-x86_64, r-release-windows-x86_64, r-oldrel-macos-arm64, r-oldrel-macos-x86_64, r-oldrel-windows-x86_64