CRAN Package Check Results for Package trawl

Last updated on 2021-09-17 04:49:36 CEST.

Flavor Version Tinstall Tcheck Ttotal Status Flags
r-devel-linux-x86_64-debian-clang 0.2.2 4.03 104.81 108.84 NOTE
r-devel-linux-x86_64-debian-gcc 0.2.2 3.41 78.82 82.23 NOTE
r-devel-linux-x86_64-fedora-clang 0.2.2 140.62 NOTE
r-devel-linux-x86_64-fedora-gcc 0.2.2 133.86 NOTE
r-devel-windows-x86_64 0.2.2 16.00 189.00 205.00 NOTE
r-devel-windows-x86_64-gcc10-UCRT 0.2.2 NOTE
r-patched-linux-x86_64 0.2.2 4.32 107.96 112.28 NOTE
r-patched-solaris-x86 0.2.2 79.90 NOTE
r-release-linux-x86_64 0.2.2 3.23 107.30 110.53 NOTE
r-release-macos-arm64 0.2.2 NOTE
r-release-macos-x86_64 0.2.2 NOTE
r-release-windows-ix86+x86_64 0.2.2 10.00 144.00 154.00 NOTE
r-oldrel-macos-x86_64 0.2.2 OK
r-oldrel-windows-ix86+x86_64 0.2.2 27.00 165.00 192.00 OK

Check Details

Version: 0.2.2
Check: LazyData
Result: NOTE
     'LazyData' is specified without a 'data' directory
Flavors: r-devel-linux-x86_64-debian-clang, r-devel-linux-x86_64-debian-gcc, r-devel-linux-x86_64-fedora-clang, r-devel-linux-x86_64-fedora-gcc, r-devel-windows-x86_64, r-devel-windows-x86_64-gcc10-UCRT, r-patched-linux-x86_64, r-patched-solaris-x86, r-release-linux-x86_64, r-release-macos-arm64, r-release-macos-x86_64, r-release-windows-ix86+x86_64