CRAN Package Check Results for Package trawl

Last updated on 2024-06-19 04:54:45 CEST.

Flavor Version Tinstall Tcheck Ttotal Status Flags
r-devel-linux-x86_64-debian-clang 0.2.2 4.80 113.37 118.17 NOTE
r-devel-linux-x86_64-debian-gcc 0.2.2 3.64 83.87 87.51 NOTE
r-devel-linux-x86_64-fedora-clang 0.2.2 140.51 NOTE
r-devel-linux-x86_64-fedora-gcc 0.2.2 160.15 NOTE
r-devel-windows-x86_64 0.2.2 6.00 169.00 175.00 NOTE
r-patched-linux-x86_64 0.2.2 5.28 113.39 118.67 NOTE
r-release-linux-x86_64 0.2.2 3.56 114.72 118.28 NOTE
r-release-macos-arm64 0.2.2 64.00 NOTE
r-release-macos-x86_64 0.2.2 86.00 NOTE
r-release-windows-x86_64 0.2.2 6.00 175.00 181.00 NOTE
r-oldrel-macos-arm64 0.2.2 69.00 NOTE
r-oldrel-macos-x86_64 0.2.2 101.00 NOTE
r-oldrel-windows-x86_64 0.2.2 6.00 176.00 182.00 NOTE

Check Details

Version: 0.2.2
Check: LazyData
Result: NOTE 'LazyData' is specified without a 'data' directory Flavors: r-devel-linux-x86_64-debian-clang, r-devel-linux-x86_64-debian-gcc, r-devel-linux-x86_64-fedora-clang, r-devel-linux-x86_64-fedora-gcc, r-devel-windows-x86_64, r-patched-linux-x86_64, r-release-linux-x86_64, r-release-macos-arm64, r-release-macos-x86_64, r-release-windows-x86_64, r-oldrel-macos-arm64, r-oldrel-macos-x86_64, r-oldrel-windows-x86_64