Last updated on 2023-12-08 21:58:47 CET.
Flavor | Version | Tinstall | Tcheck | Ttotal | Status | Flags |
---|---|---|---|---|---|---|
r-devel-linux-x86_64-debian-clang | 2.0.6.0 | 133.18 | 186.73 | 319.91 | NOTE | |
r-devel-linux-x86_64-debian-gcc | 2.0.6.0 | 89.86 | 130.87 | 220.73 | NOTE | |
r-devel-linux-x86_64-fedora-clang | 2.0.6.0 | 434.18 | NOTE | |||
r-devel-linux-x86_64-fedora-gcc | 2.0.6.0 | 424.69 | NOTE | |||
r-devel-windows-x86_64 | 2.0.6.0 | 102.00 | 152.00 | 254.00 | NOTE | |
r-patched-linux-x86_64 | 2.0.6.0 | 114.82 | 177.08 | 291.90 | NOTE | |
r-release-linux-x86_64 | 2.0.6.0 | 121.62 | 175.75 | 297.37 | NOTE | |
r-release-macos-arm64 | 2.0.6.0 | 192.00 | NOTE | |||
r-release-macos-x86_64 | 2.0.6.0 | 167.00 | NOTE | |||
r-release-windows-x86_64 | 2.0.6.0 | 131.00 | 191.00 | 322.00 | NOTE | |
r-oldrel-macos-arm64 | 2.0.6.0 | 96.00 | OK | |||
r-oldrel-macos-x86_64 | 2.0.6.0 | 171.00 | OK | |||
r-oldrel-windows-x86_64 | 2.0.6.0 | 124.00 | 189.00 | 313.00 | OK |
Version: 2.0.6.0
Check: Rd files
Result: NOTE
checkRd: (-1) dcc.Rd:227: Escaped LaTeX specials: \&
checkRd: (-1) seascorr.Rd:128: Escaped LaTeX specials: \&
Flavors: r-devel-linux-x86_64-debian-clang, r-devel-linux-x86_64-debian-gcc, r-devel-linux-x86_64-fedora-clang, r-devel-linux-x86_64-fedora-gcc, r-devel-windows-x86_64, r-patched-linux-x86_64, r-release-linux-x86_64, r-release-macos-arm64, r-release-macos-x86_64, r-release-windows-x86_64
Version: 2.0.6.0
Check: Rd \usage sections
Result: NOTE
Documented arguments not in \usage in Rd file 'correct_continuous.Rd':
‘x’
Documented arguments not in \usage in Rd file 'tc_correlation.Rd':
‘p’
Documented arguments not in \usage in Rd file 'tc_efunc.Rd':
‘p’
Documented arguments not in \usage in Rd file 'tc_mfunc.Rd':
‘p’
Documented arguments not in \usage in Rd file 'tc_response.Rd':
‘p’
Documented arguments not in \usage in Rd file 'truncate_input.Rd':
‘moving’
Functions with \usage entries need to have the appropriate \alias
entries, and all their arguments documented.
The \usage entries must correspond to syntactically valid R code.
See chapter ‘Writing R documentation files’ in the ‘Writing R
Extensions’ manual.
Flavors: r-devel-linux-x86_64-debian-clang, r-devel-linux-x86_64-debian-gcc, r-devel-linux-x86_64-fedora-clang, r-devel-linux-x86_64-fedora-gcc, r-devel-windows-x86_64
Version: 2.0.6.0
Check: Rd cross-references
Result: NOTE
Undeclared package ‘dplR’ in Rd xrefs
Flavor: r-devel-linux-x86_64-fedora-clang