CRAN Package Check Results for Package treestructure

Last updated on 2021-09-27 19:50:37 CEST.

Flavor Version Tinstall Tcheck Ttotal Status Flags
r-devel-linux-x86_64-debian-clang 0.1.0 22.09 60.63 82.72 OK
r-devel-linux-x86_64-debian-gcc 0.1.0 12.31 46.84 59.15 OK
r-devel-linux-x86_64-fedora-clang 0.1.0 106.75 OK
r-devel-linux-x86_64-fedora-gcc 0.1.0 91.61 OK
r-devel-windows-x86_64 0.1.0 20.00 80.00 100.00 OK
r-devel-windows-x86_64-gcc10-UCRT 0.1.0 OK
r-patched-linux-x86_64 0.1.0 15.98 35.62 51.60 OK
r-patched-solaris-x86 0.1.0 87.10 OK
r-release-linux-x86_64 0.1.0 15.33 34.88 50.21 OK
r-release-macos-arm64 0.1.0 OK
r-release-macos-x86_64 0.1.0 WARN
r-release-windows-ix86+x86_64 0.1.0 48.00 55.00 103.00 OK
r-oldrel-macos-x86_64 0.1.0 WARN
r-oldrel-windows-ix86+x86_64 0.1.0 35.00 61.00 96.00 OK

Check Details

Version: 0.1.0
Check: package dependencies
Result: NOTE
    Package suggested but not available for checking: ‘ggtree’
Flavors: r-release-macos-x86_64, r-oldrel-macos-x86_64

Version: 0.1.0
Check: re-building of vignette outputs
Result: WARN
    Error(s) in re-building vignettes:
     ...
    --- re-building ‘structuredCoalescent.Rmd’ using rmarkdown
    Warning in engine$weave(file, quiet = quiet, encoding = enc) :
     Pandoc (>= 1.12.3) not available. Falling back to R Markdown v1.
    Quitting from lines 64-65 (structuredCoalescent.Rmd)
    Error: processing vignette 'structuredCoalescent.Rmd' failed with diagnostics:
    "ggtree" %in% utils::installed.packages()[, 1] is not TRUE
    --- failed re-building ‘structuredCoalescent.Rmd’
    
    SUMMARY: processing the following file failed:
     ‘structuredCoalescent.Rmd’
    
    Error: Vignette re-building failed.
    Execution halted
Flavor: r-release-macos-x86_64

Version: 0.1.0
Check: re-building of vignette outputs
Result: WARN
    Error(s) in re-building vignettes:
     ...
    --- re-building ‘structuredCoalescent.Rmd’ using rmarkdown
    Warning in engine$weave(file, quiet = quiet, encoding = enc) :
     Pandoc (>= 1.12.3) and/or pandoc-citeproc not available. Falling back to R Markdown v1.
    Quitting from lines 64-65 (structuredCoalescent.Rmd)
    Error: processing vignette 'structuredCoalescent.Rmd' failed with diagnostics:
    "ggtree" %in% utils::installed.packages()[, 1] is not TRUE
    --- failed re-building ‘structuredCoalescent.Rmd’
    
    SUMMARY: processing the following file failed:
     ‘structuredCoalescent.Rmd’
    
    Error: Vignette re-building failed.
    Execution halted
Flavor: r-oldrel-macos-x86_64