CRAN Package Check Results for Package tremendousr

Last updated on 2022-01-24 03:51:47 CET.

Flavor Version Tinstall Tcheck Ttotal Status Flags
r-devel-linux-x86_64-debian-clang 1.0.0 2.39 34.58 36.97 OK
r-devel-linux-x86_64-debian-gcc 1.0.0 2.47 27.54 30.01 OK
r-devel-linux-x86_64-fedora-clang 1.0.0 46.91 NOTE
r-devel-linux-x86_64-fedora-gcc 1.0.0 36.45 NOTE
r-devel-windows-x86_64-new-UL 1.0.0 32.00 59.00 91.00 OK
r-devel-windows-x86_64-new-TK 1.0.0 NOTE
r-patched-linux-x86_64 1.0.0 2.73 33.51 36.24 OK
r-release-linux-x86_64 1.0.0 3.06 34.19 37.25 OK
r-release-macos-arm64 1.0.0 NOTE
r-release-macos-x86_64 1.0.0 NOTE
r-release-windows-ix86+x86_64 1.0.0 7.00 43.00 50.00 OK
r-oldrel-macos-x86_64 1.0.0 NOTE
r-oldrel-windows-ix86+x86_64 1.0.0 7.00 42.00 49.00 OK

Check Details

Version: 1.0.0
Check: dependencies in R code
Result: NOTE
    Namespace in Imports field not imported from: ‘crul’
     All declared Imports should be used.
Flavors: r-devel-linux-x86_64-fedora-clang, r-devel-linux-x86_64-fedora-gcc, r-devel-windows-x86_64-new-TK, r-release-macos-arm64, r-release-macos-x86_64, r-oldrel-macos-x86_64