CRAN Package Check Results for Package trendeval

Last updated on 2021-09-23 19:52:05 CEST.

Flavor Version Tinstall Tcheck Ttotal Status Flags
r-devel-linux-x86_64-debian-clang 0.0.1 2.19 78.29 80.48 NOTE
r-devel-linux-x86_64-debian-gcc 0.0.1 1.84 53.95 55.79 NOTE
r-devel-linux-x86_64-fedora-clang 0.0.1 100.56 NOTE
r-devel-linux-x86_64-fedora-gcc 0.0.1 91.40 NOTE
r-devel-windows-x86_64 0.0.1 4.00 76.00 80.00 NOTE
r-devel-windows-x86_64-gcc10-UCRT 0.0.1 NOTE
r-patched-linux-x86_64 0.0.1 2.39 74.65 77.04 NOTE
r-patched-solaris-x86 0.0.1 116.90 NOTE
r-release-linux-x86_64 0.0.1 2.08 73.16 75.24 NOTE
r-release-macos-arm64 0.0.1 NOTE
r-release-macos-x86_64 0.0.1 NOTE
r-release-windows-ix86+x86_64 0.0.1 7.00 73.00 80.00 NOTE
r-oldrel-macos-x86_64 0.0.1 OK
r-oldrel-windows-ix86+x86_64 0.0.1 5.00 77.00 82.00 OK

Check Details

Version: 0.0.1
Check: LazyData
Result: NOTE
     'LazyData' is specified without a 'data' directory
Flavors: r-devel-linux-x86_64-debian-clang, r-devel-linux-x86_64-debian-gcc, r-devel-linux-x86_64-fedora-clang, r-devel-linux-x86_64-fedora-gcc, r-devel-windows-x86_64, r-devel-windows-x86_64-gcc10-UCRT, r-patched-linux-x86_64, r-patched-solaris-x86, r-release-linux-x86_64, r-release-macos-arm64, r-release-macos-x86_64, r-release-windows-ix86+x86_64