CRAN Package Check Results for Package trialr

Last updated on 2021-09-25 19:50:20 CEST.

Flavor Version Tinstall Tcheck Ttotal Status Flags
r-devel-linux-x86_64-debian-clang 0.1.5 966.50 419.70 1386.20 NOTE
r-devel-linux-x86_64-debian-gcc 0.1.5 789.55 345.46 1135.01 NOTE
r-devel-linux-x86_64-fedora-clang 0.1.5 1846.74 NOTE
r-devel-linux-x86_64-fedora-gcc 0.1.5 2.88 ERROR
r-devel-windows-x86_64 0.1.5 774.00 495.00 1269.00 NOTE
r-devel-windows-x86_64-gcc10-UCRT 0.1.5 NOTE
r-patched-linux-x86_64 0.1.5 869.78 488.80 1358.58 NOTE
r-patched-solaris-x86 0.1.5 1505.40 NOTE
r-release-linux-x86_64 0.1.5 879.29 484.96 1364.25 NOTE
r-release-macos-arm64 0.1.5 NOTE
r-release-macos-x86_64 0.1.5 NOTE
r-release-windows-ix86+x86_64 0.1.5 2116.00 718.00 2834.00 NOTE
r-oldrel-macos-x86_64 0.1.5 NOTE
r-oldrel-windows-ix86+x86_64 0.1.5 1520.00 740.00 2260.00 NOTE

Check Details

Version: 0.1.5
Check: LazyData
Result: NOTE
     'LazyData' is specified without a 'data' directory
Flavors: r-devel-linux-x86_64-debian-clang, r-devel-linux-x86_64-debian-gcc, r-devel-linux-x86_64-fedora-clang, r-devel-windows-x86_64, r-devel-windows-x86_64-gcc10-UCRT, r-patched-linux-x86_64, r-patched-solaris-x86, r-release-linux-x86_64, r-release-macos-arm64, r-release-macos-x86_64, r-release-windows-ix86+x86_64

Version: 0.1.5
Check: for GNU extensions in Makefiles
Result: NOTE
    GNU make is a SystemRequirements.
Flavors: r-devel-linux-x86_64-debian-clang, r-devel-linux-x86_64-debian-gcc, r-devel-linux-x86_64-fedora-clang, r-devel-windows-x86_64, r-devel-windows-x86_64-gcc10-UCRT, r-patched-linux-x86_64, r-patched-solaris-x86, r-release-linux-x86_64, r-release-macos-arm64, r-release-macos-x86_64, r-release-windows-ix86+x86_64, r-oldrel-macos-x86_64, r-oldrel-windows-ix86+x86_64

Version: 0.1.5
Check: installed package size
Result: NOTE
     installed size is 113.4Mb
     sub-directories of 1Mb or more:
     doc 3.8Mb
     libs 108.5Mb
Flavors: r-devel-linux-x86_64-fedora-clang, r-devel-windows-x86_64, r-patched-solaris-x86, r-release-macos-arm64, r-release-macos-x86_64, r-release-windows-ix86+x86_64, r-oldrel-macos-x86_64, r-oldrel-windows-ix86+x86_64

Version: 0.1.5
Check: package dependencies
Result: ERROR
    Package required but not available: ‘tidybayes’
    
    See section ‘The DESCRIPTION file’ in the ‘Writing R Extensions’
    manual.
Flavor: r-devel-linux-x86_64-fedora-gcc

Version: 0.1.5
Check: line endings in C/C++/Fortran sources/headers
Result: NOTE
    Found the following sources/headers with CR or CRLF line endings:
     src/stan_files/AugBin2T1A.hpp
     src/stan_files/BebopInPeps2.hpp
     src/stan_files/CrmEmpiricNormalPrior.hpp
     src/stan_files/CrmOneParamLogisticGammaPrior.hpp
     src/stan_files/CrmOneParamLogisticNormalPrior.hpp
     src/stan_files/CrmTwoParamLogisticNormalPrior.hpp
     src/stan_files/EffTox.hpp
     src/stan_files/NeuenschwanderTwoParamLogit.hpp
     src/stan_files/ThallHierarchicalBinary.hpp
    Some Unix compilers require LF line endings.
Flavor: r-devel-windows-x86_64-gcc10-UCRT