CRAN Package Check Results for Package trimmer

Last updated on 2021-10-17 10:49:33 CEST.

Flavor Version Tinstall Tcheck Ttotal Status Flags
r-devel-linux-x86_64-debian-clang 0.8.1 3.50 39.00 42.50 NOTE
r-devel-linux-x86_64-debian-gcc 0.8.1 2.67 30.33 33.00 NOTE
r-devel-linux-x86_64-fedora-clang 0.8.1 60.81 NOTE
r-devel-linux-x86_64-fedora-gcc 0.8.1 49.70 NOTE
r-devel-windows-x86_64 0.8.1 6.00 51.00 57.00 NOTE
r-devel-windows-x86_64-gcc10-UCRT 0.8.1 NOTE
r-patched-linux-x86_64 0.8.1 3.61 36.96 40.57 NOTE
r-patched-solaris-x86 0.8.1 81.00 NOTE
r-release-linux-x86_64 0.8.1 3.70 37.31 41.01 NOTE
r-release-macos-arm64 0.8.1 NOTE
r-release-macos-x86_64 0.8.1 NOTE
r-release-windows-ix86+x86_64 0.8.1 6.00 59.00 65.00 NOTE
r-oldrel-macos-x86_64 0.8.1 OK
r-oldrel-windows-ix86+x86_64 0.8.1 11.00 59.00 70.00 OK

Check Details

Version: 0.8.1
Check: LazyData
Result: NOTE
     'LazyData' is specified without a 'data' directory
Flavors: r-devel-linux-x86_64-debian-clang, r-devel-linux-x86_64-debian-gcc, r-devel-linux-x86_64-fedora-clang, r-devel-linux-x86_64-fedora-gcc, r-devel-windows-x86_64, r-devel-windows-x86_64-gcc10-UCRT, r-patched-linux-x86_64, r-patched-solaris-x86, r-release-linux-x86_64, r-release-macos-arm64, r-release-macos-x86_64, r-release-windows-ix86+x86_64