CRAN Package Check Results for Package tvthemes

Last updated on 2021-10-16 04:57:47 CEST.

Flavor Version Tinstall Tcheck Ttotal Status Flags
r-devel-linux-x86_64-debian-clang 1.1.1 7.02 89.61 96.63 NOTE
r-devel-linux-x86_64-debian-gcc 1.1.1 5.60 66.02 71.62 NOTE
r-devel-linux-x86_64-fedora-clang 1.1.1 122.41 NOTE
r-devel-linux-x86_64-fedora-gcc 1.1.1 109.37 NOTE
r-devel-windows-x86_64 1.1.1 14.00 94.00 108.00 NOTE
r-devel-windows-x86_64-gcc10-UCRT 1.1.1 NOTE
r-patched-linux-x86_64 1.1.1 7.65 85.75 93.40 NOTE
r-patched-solaris-x86 1.1.1 153.10 NOTE
r-release-linux-x86_64 1.1.1 6.33 83.72 90.05 NOTE
r-release-macos-arm64 1.1.1 NOTE
r-release-macos-x86_64 1.1.1 NOTE
r-release-windows-ix86+x86_64 1.1.1 17.00 122.00 139.00 NOTE
r-oldrel-macos-x86_64 1.1.1 OK
r-oldrel-windows-ix86+x86_64 1.1.1 17.00 122.00 139.00 OK

Check Details

Version: 1.1.1
Check: LazyData
Result: NOTE
     'LazyData' is specified without a 'data' directory
Flavors: r-devel-linux-x86_64-debian-clang, r-devel-linux-x86_64-debian-gcc, r-devel-linux-x86_64-fedora-clang, r-devel-linux-x86_64-fedora-gcc, r-devel-windows-x86_64, r-devel-windows-x86_64-gcc10-UCRT, r-patched-linux-x86_64, r-patched-solaris-x86, r-release-linux-x86_64, r-release-macos-arm64, r-release-macos-x86_64, r-release-windows-ix86+x86_64

Version: 1.1.1
Check: installed package size
Result: NOTE
     installed size is 5.3Mb
     sub-directories of 1Mb or more:
     doc 1.5Mb
     fonts 2.9Mb
Flavor: r-patched-solaris-x86