CRAN Package Check Results for Package twosamples

Last updated on 2021-09-25 04:57:54 CEST.

Flavor Version Tinstall Tcheck Ttotal Status Flags
r-devel-linux-x86_64-debian-clang 1.1.1 19.86 29.09 48.95 NOTE
r-devel-linux-x86_64-debian-gcc 1.1.1 13.43 22.76 36.19 NOTE
r-devel-linux-x86_64-fedora-clang 1.1.1 75.06 NOTE
r-devel-linux-x86_64-fedora-gcc 1.1.1 59.71 NOTE
r-devel-windows-x86_64 1.1.1 21.00 43.00 64.00 NOTE
r-devel-windows-x86_64-gcc10-UCRT 1.1.1 NOTE
r-patched-linux-x86_64 1.1.1 15.47 28.38 43.85 NOTE
r-patched-solaris-x86 1.1.1 77.90 NOTE
r-release-linux-x86_64 1.1.1 16.66 28.02 44.68 NOTE
r-release-macos-arm64 1.1.1 NOTE
r-release-macos-x86_64 1.1.1 NOTE
r-release-windows-ix86+x86_64 1.1.1 51.00 56.00 107.00 NOTE
r-oldrel-macos-x86_64 1.1.1 OK
r-oldrel-windows-ix86+x86_64 1.1.1 54.00 56.00 110.00 OK

Check Details

Version: 1.1.1
Check: LazyData
Result: NOTE
     'LazyData' is specified without a 'data' directory
Flavors: r-devel-linux-x86_64-debian-clang, r-devel-linux-x86_64-debian-gcc, r-devel-linux-x86_64-fedora-clang, r-devel-linux-x86_64-fedora-gcc, r-devel-windows-x86_64, r-devel-windows-x86_64-gcc10-UCRT, r-patched-linux-x86_64, r-patched-solaris-x86, r-release-linux-x86_64, r-release-macos-arm64, r-release-macos-x86_64, r-release-windows-ix86+x86_64