CRAN Package Check Results for Package ubiquity

Last updated on 2024-03-04 09:48:31 CET.

Flavor Version Tinstall Tcheck Ttotal Status Flags
r-devel-linux-x86_64-debian-clang 2.0.1 21.82 179.93 201.75 OK
r-devel-linux-x86_64-debian-gcc 2.0.1 17.54 130.86 148.40 OK
r-devel-linux-x86_64-fedora-clang 2.0.1 240.16 NOTE
r-devel-linux-x86_64-fedora-gcc 2.0.1 255.71 OK
r-devel-windows-x86_64 2.0.1 19.00 160.00 179.00 NOTE
r-patched-linux-x86_64 2.0.1 14.74 165.53 180.27 OK
r-release-linux-x86_64 2.0.1 14.50 166.94 181.44 OK
r-release-macos-arm64 2.0.1 107.00 NOTE
r-release-macos-x86_64 2.0.1 198.00 NOTE
r-release-windows-x86_64 2.0.1 29.00 197.00 226.00 NOTE
r-oldrel-macos-arm64 2.0.1 80.00 NOTE
r-oldrel-windows-x86_64 2.0.1 28.00 182.00 210.00 NOTE

Additional issues

donttest

Check Details

Version: 2.0.1
Check: package dependencies
Result: NOTE Imports includes 21 non-default packages. Importing from so many packages makes the package vulnerable to any of them becoming unavailable. Move as many as possible to Suggests and use conditionally. Flavor: r-devel-linux-x86_64-fedora-clang

Version: 2.0.1
Check: installed package size
Result: NOTE installed size is 9.4Mb sub-directories of 1Mb or more: doc 6.6Mb ubinc 2.0Mb Flavors: r-devel-linux-x86_64-fedora-clang, r-devel-windows-x86_64, r-release-macos-arm64, r-release-macos-x86_64, r-release-windows-x86_64, r-oldrel-macos-arm64, r-oldrel-windows-x86_64