CRAN Package Check Results for Package uklr

Last updated on 2021-10-28 01:49:07 CEST.

Flavor Version Tinstall Tcheck Ttotal Status Flags
r-devel-linux-x86_64-debian-clang 1.0.2 13.01 71.08 84.09 OK
r-devel-linux-x86_64-debian-gcc 1.0.2 10.69 56.82 67.51 OK
r-devel-linux-x86_64-fedora-clang 1.0.2 115.24 OK
r-devel-linux-x86_64-fedora-gcc 1.0.2 99.46 OK
r-devel-windows-x86_64 1.0.2 18.00 91.00 109.00 OK
r-devel-windows-x86_64-gcc10-UCRT 1.0.2 OK
r-patched-linux-x86_64 1.0.2 13.05 67.60 80.65 OK
r-patched-solaris-x86 1.0.2 182.80 OK
r-release-linux-x86_64 1.0.2 12.20 66.96 79.16 OK
r-release-macos-arm64 1.0.2 NOTE
r-release-macos-x86_64 1.0.2 OK
r-release-windows-ix86+x86_64 1.0.2 14.00 112.00 126.00 OK
r-oldrel-macos-x86_64 1.0.2 OK
r-oldrel-windows-ix86+x86_64 1.0.2 17.00 116.00 133.00 OK

Check Details

Version: 1.0.2
Check: installed package size
Result: NOTE
     installed size is 5.4Mb
     sub-directories of 1Mb or more:
     data 5.1Mb
Flavor: r-release-macos-arm64