CRAN Package Check Results for Package unbalhaar

Last updated on 2021-11-30 03:57:11 CET.

Flavor Version Tinstall Tcheck Ttotal Status Flags
r-devel-linux-x86_64-debian-clang 2.0 1.91 23.16 25.07 NOTE
r-devel-linux-x86_64-debian-gcc 2.0 1.94 18.35 20.29 NOTE
r-devel-linux-x86_64-fedora-clang 2.0 44.07 NOTE
r-devel-linux-x86_64-fedora-gcc 2.0 31.62 NOTE
r-devel-windows-x86_64-new-UL 2.0 6.00 55.00 61.00 NOTE
r-devel-windows-x86_64-new-TK 2.0 NOTE
r-devel-windows-x86_64-old 2.0 4.00 27.00 31.00 NOTE
r-patched-linux-x86_64 2.0 2.47 22.06 24.53 NOTE
r-patched-solaris-x86 2.0 49.40 NOTE
r-release-linux-x86_64 2.0 2.17 22.38 24.55 NOTE
r-release-macos-arm64 2.0 NOTE
r-release-macos-x86_64 2.0 NOTE
r-release-windows-ix86+x86_64 2.0 5.00 28.00 33.00 NOTE
r-oldrel-macos-x86_64 2.0 NOTE
r-oldrel-windows-ix86+x86_64 2.0 4.00 29.00 33.00 NOTE

Check Details

Version: 2.0
Check: R code for possible problems
Result: NOTE
    med: no visible global function definition for 'quantile'
    uh: no visible global function definition for 'mad'
    uh.bu: no visible global function definition for 'mad'
    Undefined global functions or variables:
     mad quantile
    Consider adding
     importFrom("stats", "mad", "quantile")
    to your NAMESPACE file.
Flavors: r-devel-linux-x86_64-debian-clang, r-devel-linux-x86_64-debian-gcc, r-devel-linux-x86_64-fedora-clang, r-devel-linux-x86_64-fedora-gcc, r-devel-windows-x86_64-new-UL, r-devel-windows-x86_64-new-TK, r-devel-windows-x86_64-old, r-patched-linux-x86_64, r-patched-solaris-x86, r-release-linux-x86_64, r-release-macos-arm64, r-release-macos-x86_64, r-release-windows-ix86+x86_64, r-oldrel-macos-x86_64, r-oldrel-windows-ix86+x86_64