CRAN Package Check Results for Package unglue

Last updated on 2024-07-19 04:56:52 CEST.

Flavor Version Tinstall Tcheck Ttotal Status Flags
r-devel-linux-x86_64-debian-clang 0.1.0 2.63 25.69 28.32 NOTE
r-devel-linux-x86_64-debian-gcc 0.1.0 1.81 19.79 21.60 NOTE
r-devel-linux-x86_64-fedora-clang 0.1.0 36.46 NOTE
r-devel-linux-x86_64-fedora-gcc 0.1.0 45.93 NOTE
r-devel-windows-x86_64 0.1.0 4.00 43.00 47.00 NOTE
r-patched-linux-x86_64 0.1.0 1.95 24.96 26.91 NOTE
r-release-linux-x86_64 0.1.0 2.48 25.02 27.50 NOTE
r-release-macos-arm64 0.1.0 20.00 NOTE
r-release-macos-x86_64 0.1.0 32.00 NOTE
r-release-windows-x86_64 0.1.0 4.00 42.00 46.00 NOTE
r-oldrel-macos-arm64 0.1.0 21.00 NOTE
r-oldrel-macos-x86_64 0.1.0 40.00 NOTE
r-oldrel-windows-x86_64 0.1.0 3.00 43.00 46.00 NOTE

Check Details

Version: 0.1.0
Check: LazyData
Result: NOTE 'LazyData' is specified without a 'data' directory Flavors: r-devel-linux-x86_64-debian-clang, r-devel-linux-x86_64-debian-gcc, r-devel-linux-x86_64-fedora-clang, r-devel-linux-x86_64-fedora-gcc, r-devel-windows-x86_64, r-patched-linux-x86_64, r-release-linux-x86_64, r-release-macos-arm64, r-release-macos-x86_64, r-release-windows-x86_64, r-oldrel-macos-arm64, r-oldrel-macos-x86_64, r-oldrel-windows-x86_64