CRAN Package Check Results for Package unine

Last updated on 2021-09-24 22:53:12 CEST.

Flavor Version Tinstall Tcheck Ttotal Status Flags
r-devel-linux-x86_64-debian-clang 0.2.0 68.95 29.12 98.07 OK
r-devel-linux-x86_64-debian-gcc 0.2.0 38.20 23.46 61.66 OK
r-devel-linux-x86_64-fedora-clang 0.2.0 148.25 NOTE
r-devel-linux-x86_64-fedora-gcc 0.2.0 114.47 NOTE
r-devel-windows-x86_64 0.2.0 69.00 42.00 111.00 OK
r-devel-windows-x86_64-gcc10-UCRT 0.2.0 NOTE
r-patched-linux-x86_64 0.2.0 48.36 28.38 76.74 OK
r-patched-solaris-x86 0.2.0 121.70 NOTE
r-release-linux-x86_64 0.2.0 47.02 28.73 75.75 OK
r-release-macos-arm64 0.2.0 NOTE
r-release-macos-x86_64 0.2.0 NOTE
r-release-windows-ix86+x86_64 0.2.0 157.00 55.00 212.00 OK
r-oldrel-macos-x86_64 0.2.0 NOTE
r-oldrel-windows-ix86+x86_64 0.2.0 133.00 61.00 194.00 OK

Check Details

Version: 0.2.0
Check: data for non-ASCII characters
Result: NOTE
     Note: found 548 marked UTF-8 strings
Flavors: r-devel-linux-x86_64-fedora-clang, r-devel-linux-x86_64-fedora-gcc, r-devel-windows-x86_64-gcc10-UCRT, r-patched-solaris-x86, r-release-macos-arm64, r-release-macos-x86_64, r-oldrel-macos-x86_64