CRAN Package Check Results for Package unjoin

Last updated on 2021-09-23 19:52:05 CEST.

Flavor Version Tinstall Tcheck Ttotal Status Flags
r-devel-linux-x86_64-debian-clang 0.1.0 3.71 42.83 46.54 NOTE
r-devel-linux-x86_64-debian-gcc 0.1.0 3.11 32.70 35.81 NOTE
r-devel-linux-x86_64-fedora-clang 0.1.0 65.91 NOTE
r-devel-linux-x86_64-fedora-gcc 0.1.0 52.43 NOTE
r-devel-windows-x86_64 0.1.0 6.00 45.00 51.00 NOTE
r-devel-windows-x86_64-gcc10-UCRT 0.1.0 NOTE
r-patched-linux-x86_64 0.1.0 3.58 39.79 43.37 NOTE
r-patched-solaris-x86 0.1.0 80.30 NOTE
r-release-linux-x86_64 0.1.0 2.96 39.85 42.81 NOTE
r-release-macos-arm64 0.1.0 NOTE
r-release-macos-x86_64 0.1.0 NOTE
r-release-windows-ix86+x86_64 0.1.0 10.00 43.00 53.00 NOTE
r-oldrel-macos-x86_64 0.1.0 OK
r-oldrel-windows-ix86+x86_64 0.1.0 9.00 47.00 56.00 OK

Check Details

Version: 0.1.0
Check: LazyData
Result: NOTE
     'LazyData' is specified without a 'data' directory
Flavors: r-devel-linux-x86_64-debian-clang, r-devel-linux-x86_64-debian-gcc, r-devel-linux-x86_64-fedora-clang, r-devel-linux-x86_64-fedora-gcc, r-devel-windows-x86_64, r-devel-windows-x86_64-gcc10-UCRT, r-patched-linux-x86_64, r-patched-solaris-x86, r-release-linux-x86_64, r-release-macos-arm64, r-release-macos-x86_64, r-release-windows-ix86+x86_64