CRAN Package Check Results for Package unnest

Last updated on 2021-09-24 22:53:12 CEST.

Flavor Version Tinstall Tcheck Ttotal Status Flags
r-devel-linux-x86_64-debian-clang 0.0.2 13.06 38.55 51.61 NOTE
r-devel-linux-x86_64-debian-gcc 0.0.3 11.16 29.91 41.07 OK
r-devel-linux-x86_64-fedora-clang 0.0.3 82.08 OK
r-devel-linux-x86_64-fedora-gcc 0.0.3 69.12 OK
r-devel-windows-x86_64 0.0.3 20.00 69.00 89.00 OK
r-devel-windows-x86_64-gcc10-UCRT 0.0.2 NOTE
r-patched-linux-x86_64 0.0.2 12.78 35.27 48.05 NOTE
r-patched-solaris-x86 0.0.3 107.80 OK
r-release-linux-x86_64 0.0.2 12.52 36.21 48.73 NOTE
r-release-macos-arm64 0.0.2 NOTE
r-release-macos-x86_64 0.0.2 NOTE
r-release-windows-ix86+x86_64 0.0.3 30.00 60.00 90.00 OK
r-oldrel-macos-x86_64 0.0.2 OK
r-oldrel-windows-ix86+x86_64 0.0.2 31.00 61.00 92.00 OK

Additional issues

rchk

Check Details

Version: 0.0.2
Check: LazyData
Result: NOTE
     'LazyData' is specified without a 'data' directory
Flavors: r-devel-linux-x86_64-debian-clang, r-devel-windows-x86_64-gcc10-UCRT, r-patched-linux-x86_64, r-release-linux-x86_64, r-release-macos-arm64, r-release-macos-x86_64