CRAN Package Check Results for Package unrepx

Last updated on 2021-12-02 15:52:57 CET.

Flavor Version Tinstall Tcheck Ttotal Status Flags
r-devel-linux-x86_64-debian-clang 1.0 2.62 28.24 30.86 NOTE
r-devel-linux-x86_64-debian-gcc 1.0 1.97 22.07 24.04 NOTE
r-devel-linux-x86_64-fedora-clang 1.0 51.68 NOTE
r-devel-linux-x86_64-fedora-gcc 1.0 39.47 NOTE
r-devel-windows-x86_64-new-UL 1.0 8.00 65.00 73.00 NOTE
r-devel-windows-x86_64-new-TK 1.0 NOTE
r-devel-windows-x86_64-old 1.0 5.00 36.00 41.00 NOTE
r-patched-linux-x86_64 1.0 3.02 25.93 28.95 NOTE
r-patched-solaris-x86 1.0 55.50 NOTE
r-release-linux-x86_64 1.0 2.82 25.97 28.79 NOTE
r-release-macos-arm64 1.0 NOTE
r-release-macos-x86_64 1.0 NOTE
r-release-windows-ix86+x86_64 1.0 6.00 44.00 50.00 NOTE
r-oldrel-macos-x86_64 1.0 OK
r-oldrel-windows-ix86+x86_64 1.0 6.00 44.00 50.00 OK

Check Details

Version: 1.0
Check: LazyData
Result: NOTE
     'LazyData' is specified without a 'data' directory
Flavors: r-devel-linux-x86_64-debian-clang, r-devel-linux-x86_64-debian-gcc, r-devel-linux-x86_64-fedora-clang, r-devel-linux-x86_64-fedora-gcc, r-devel-windows-x86_64-new-UL, r-devel-windows-x86_64-new-TK, r-devel-windows-x86_64-old, r-patched-linux-x86_64, r-patched-solaris-x86, r-release-linux-x86_64, r-release-macos-arm64, r-release-macos-x86_64, r-release-windows-ix86+x86_64