CRAN Package Check Results for Package unstruwwel

Last updated on 2021-09-26 01:50:09 CEST.

Flavor Version Tinstall Tcheck Ttotal Status Flags
r-devel-linux-x86_64-debian-clang 0.1.0 8.95 62.84 71.79 OK
r-devel-linux-x86_64-debian-gcc 0.1.0 7.45 46.75 54.20 OK
r-devel-linux-x86_64-fedora-clang 0.1.0 94.01 NOTE
r-devel-linux-x86_64-fedora-gcc 0.1.0 82.31 NOTE
r-devel-windows-x86_64 0.1.0 11.00 60.00 71.00 OK
r-devel-windows-x86_64-gcc10-UCRT 0.1.0 NOTE
r-patched-linux-x86_64 0.1.0 13.83 58.15 71.98 OK
r-patched-solaris-x86 0.1.0 118.30 NOTE
r-release-linux-x86_64 0.1.0 7.41 58.04 65.45 OK
r-release-macos-arm64 0.1.0 NOTE
r-release-macos-x86_64 0.1.0 NOTE
r-release-windows-ix86+x86_64 0.1.0 19.00 59.00 78.00 OK
r-oldrel-macos-x86_64 0.1.0 NOTE
r-oldrel-windows-ix86+x86_64 0.1.0 15.00 61.00 76.00 OK

Check Details

Version: 0.1.0
Check: data for non-ASCII characters
Result: NOTE
     Note: found 3345 marked UTF-8 strings
Flavors: r-devel-linux-x86_64-fedora-clang, r-devel-linux-x86_64-fedora-gcc, r-devel-windows-x86_64-gcc10-UCRT, r-patched-solaris-x86, r-release-macos-arm64, r-release-macos-x86_64, r-oldrel-macos-x86_64