CRAN Package Check Results for Package unsystation

Last updated on 2021-09-22 01:49:17 CEST.

Flavor Version Tinstall Tcheck Ttotal Status Flags
r-devel-linux-x86_64-debian-clang 0.2.0 31.00 27.59 58.59 NOTE
r-devel-linux-x86_64-debian-gcc 0.2.0 22.65 21.45 44.10 NOTE
r-devel-linux-x86_64-fedora-clang 0.2.0 89.20 NOTE
r-devel-linux-x86_64-fedora-gcc 0.2.0 74.57 NOTE
r-devel-windows-x86_64 0.2.0 33.00 44.00 77.00 NOTE
r-devel-windows-x86_64-gcc10-UCRT 0.2.0 ERROR
r-patched-linux-x86_64 0.2.0 31.35 26.06 57.41 NOTE
r-patched-solaris-x86 0.2.0 87.30 NOTE
r-release-linux-x86_64 0.2.0 25.57 26.39 51.96 NOTE
r-release-macos-arm64 0.2.0 NOTE
r-release-macos-x86_64 0.2.0 NOTE
r-release-windows-ix86+x86_64 0.2.0 80.00 52.00 132.00 NOTE
r-oldrel-macos-x86_64 0.2.0 OK
r-oldrel-windows-ix86+x86_64 0.2.0 79.00 56.00 135.00 OK

Check Details

Version: 0.2.0
Check: LazyData
Result: NOTE
     'LazyData' is specified without a 'data' directory
Flavors: r-devel-linux-x86_64-debian-clang, r-devel-linux-x86_64-debian-gcc, r-devel-linux-x86_64-fedora-clang, r-devel-linux-x86_64-fedora-gcc, r-devel-windows-x86_64, r-patched-linux-x86_64, r-patched-solaris-x86, r-release-linux-x86_64, r-release-macos-arm64, r-release-macos-x86_64, r-release-windows-ix86+x86_64

Version: 0.2.0
Check: whether package can be installed
Result: ERROR
    Installation failed.
Flavor: r-devel-windows-x86_64-gcc10-UCRT