CRAN Package Check Results for Package unusualprofile

Last updated on 2021-09-20 01:49:14 CEST.

Flavor Version Tinstall Tcheck Ttotal Status Flags
r-devel-linux-x86_64-debian-clang 0.1.0 3.50 62.75 66.25 OK
r-devel-linux-x86_64-debian-gcc 0.1.0 2.47 46.59 49.06 OK
r-devel-linux-x86_64-fedora-clang 0.1.0 85.35 NOTE
r-devel-linux-x86_64-fedora-gcc 0.1.0 75.73 NOTE
r-devel-windows-x86_64 0.1.0 5.00 69.00 74.00 OK
r-devel-windows-x86_64-gcc10-UCRT 0.1.0 ERROR
r-patched-linux-x86_64 0.1.0 3.31 60.98 64.29 OK
r-patched-solaris-x86 0.1.0 112.20 NOTE
r-release-linux-x86_64 0.1.0 2.93 60.86 63.79 OK
r-release-macos-arm64 0.1.0 NOTE
r-release-macos-x86_64 0.1.0 NOTE
r-release-windows-ix86+x86_64 0.1.0 7.00 66.00 73.00 OK
r-oldrel-macos-x86_64 0.1.0 NOTE
r-oldrel-windows-ix86+x86_64 0.1.0 8.00 63.00 71.00 OK

Check Details

Version: 0.1.0
Check: dependencies in R code
Result: NOTE
    Namespaces in Imports field not imported from:
     ‘lavaan’ ‘lifecycle’ ‘patchwork’ ‘ragg’ ‘scales’ ‘simstandard’
     All declared Imports should be used.
Flavors: r-devel-linux-x86_64-fedora-clang, r-devel-linux-x86_64-fedora-gcc, r-devel-windows-x86_64-gcc10-UCRT, r-patched-solaris-x86, r-release-macos-arm64, r-release-macos-x86_64, r-oldrel-macos-x86_64

Version: 0.1.0
Check: whether package can be installed
Result: WARN
    Found the following significant warnings:
     WARNING: installation-time patches will not be applied, could not get the patches index
Flavor: r-devel-windows-x86_64-gcc10-UCRT

Version: 0.1.0
Check: PDF version of manual
Result: WARN
    LaTeX errors when creating PDF version.
    This typically indicates Rd problems.
Flavor: r-devel-windows-x86_64-gcc10-UCRT

Version: 0.1.0
Check: PDF version of manual without hyperrefs or index
Result: ERROR
    Re-running with no redirection of stdout/stderr.
Flavor: r-devel-windows-x86_64-gcc10-UCRT