CRAN Package Check Results for Package usdampr

Last updated on 2021-09-28 01:49:42 CEST.

Flavor Version Tinstall Tcheck Ttotal Status Flags
r-devel-linux-x86_64-debian-clang 1.0.1 2.10 22.46 24.56 OK
r-devel-linux-x86_64-debian-gcc 1.0.1 1.52 17.83 19.35 OK
r-devel-linux-x86_64-fedora-clang 1.0.1 40.05 NOTE
r-devel-linux-x86_64-fedora-gcc 1.0.1 28.05 NOTE
r-devel-windows-x86_64 1.0.1 4.00 31.00 35.00 OK
r-devel-windows-x86_64-gcc10-UCRT 1.0.1 NOTE
r-patched-linux-x86_64 1.0.1 1.84 21.86 23.70 OK
r-patched-solaris-x86 1.0.1 47.50 NOTE
r-release-linux-x86_64 1.0.1 1.80 21.86 23.66 OK
r-release-macos-arm64 1.0.1 NOTE
r-release-macos-x86_64 1.0.1 NOTE
r-release-windows-ix86+x86_64 1.0.1 5.00 32.00 37.00 OK
r-oldrel-macos-x86_64 1.0.1 NOTE
r-oldrel-windows-ix86+x86_64 1.0.1 4.00 30.00 34.00 OK

Check Details

Version: 1.0.1
Check: data for non-ASCII characters
Result: NOTE
     Note: found 2 marked UTF-8 strings
Flavors: r-devel-linux-x86_64-fedora-clang, r-devel-linux-x86_64-fedora-gcc, r-devel-windows-x86_64-gcc10-UCRT, r-patched-solaris-x86, r-release-macos-arm64, r-release-macos-x86_64, r-oldrel-macos-x86_64