CRAN Package Check Results for Package utilsIPEA

Last updated on 2024-07-19 04:56:52 CEST.

Flavor Version Tinstall Tcheck Ttotal Status Flags
r-devel-linux-x86_64-debian-clang 0.0.6 4.94 47.07 52.01 OK
r-devel-linux-x86_64-debian-gcc 0.0.6 3.62 35.59 39.21 OK
r-devel-linux-x86_64-fedora-clang 0.0.6 66.77 NOTE
r-devel-linux-x86_64-fedora-gcc 0.0.6 63.05 NOTE
r-devel-windows-x86_64 0.0.6 8.00 56.00 64.00 OK
r-patched-linux-x86_64 0.0.6 5.22 44.92 50.14 OK
r-release-linux-x86_64 0.0.6 4.05 45.44 49.49 OK
r-release-macos-arm64 0.0.6 23.00 OK
r-release-macos-x86_64 0.0.6 33.00 OK
r-release-windows-x86_64 0.0.6 6.00 60.00 66.00 OK
r-oldrel-macos-arm64 0.0.6 24.00 OK
r-oldrel-macos-x86_64 0.0.6 34.00 OK
r-oldrel-windows-x86_64 0.0.6 7.00 62.00 69.00 OK

Check Details

Version: 0.0.6
Check: dependencies in R code
Result: NOTE Namespaces in Imports field not imported from: ‘RCurl’ ‘stringdist’ ‘utils’ All declared Imports should be used. Flavors: r-devel-linux-x86_64-fedora-clang, r-devel-linux-x86_64-fedora-gcc