CRAN Package Check Results for Package uuid

Last updated on 2024-02-25 21:49:49 CET.

Flavor Version Tinstall Tcheck Ttotal Status Flags
r-devel-linux-x86_64-debian-clang 1.2-0 11.05 22.60 33.65 OK
r-devel-linux-x86_64-debian-gcc 1.2-0 7.22 17.69 24.91 OK
r-devel-linux-x86_64-fedora-clang 1.2-0 42.57 OK
r-devel-linux-x86_64-fedora-gcc 1.2-0 41.94 OK
r-devel-windows-x86_64 1.2-0 15.00 38.00 53.00 WARN
r-patched-linux-x86_64 1.2-0 8.99 22.70 31.69 OK
r-release-linux-x86_64 1.2-0 9.08 22.41 31.49 OK
r-release-macos-arm64 1.2-0 35.00 OK
r-release-macos-x86_64 1.2-0 79.00 OK
r-release-windows-x86_64 1.2-0 18.00 37.00 55.00 WARN
r-oldrel-macos-arm64 1.2-0 44.00 OK
r-oldrel-windows-x86_64 1.2-0 13.00 43.00 56.00 OK

Check Details

Version: 1.2-0
Check: whether package can be installed
Result: WARN Found the following significant warnings: randutils.c:60:12: warning: function declaration isn't a prototype [-Wstrict-prototypes] See 'd:/Rcompile/CRANpkg/local/4.4/uuid.Rcheck/00install.out' for details. * used C compiler: 'gcc.exe (GCC) 12.3.0' Flavor: r-devel-windows-x86_64

Version: 1.2-0
Check: whether package can be installed
Result: WARN Found the following significant warnings: randutils.c:60:12: warning: function declaration isn't a prototype [-Wstrict-prototypes] See 'd:/Rcompile/CRANpkg/local/4.3/uuid.Rcheck/00install.out' for details. * used C compiler: 'gcc.exe (GCC) 12.3.0' Flavor: r-release-windows-x86_64