CRAN Package Check Results for Package uwo4419

Last updated on 2021-09-25 07:49:52 CEST.

Flavor Version Tinstall Tcheck Ttotal Status Flags
r-devel-linux-x86_64-debian-clang 0.3.0 11.22 104.84 116.06 OK
r-devel-linux-x86_64-debian-gcc 0.3.0 9.73 78.43 88.16 OK
r-devel-linux-x86_64-fedora-clang 0.3.0 152.42 NOTE
r-devel-linux-x86_64-fedora-gcc 0.3.0 127.91 NOTE
r-devel-windows-x86_64 0.3.0 15.00 97.00 112.00 OK
r-devel-windows-x86_64-gcc10-UCRT 0.3.0 NOTE
r-patched-linux-x86_64 0.3.0 9.87 98.56 108.43 OK
r-patched-solaris-x86 0.3.0 209.10 NOTE
r-release-linux-x86_64 0.3.0 10.06 97.71 107.77 OK
r-release-macos-arm64 0.3.0 NOTE
r-release-macos-x86_64 0.3.0 NOTE
r-release-windows-ix86+x86_64 0.3.0 28.00 99.00 127.00 OK
r-oldrel-macos-x86_64 0.3.0 NOTE
r-oldrel-windows-ix86+x86_64 0.3.0 22.00 99.00 121.00 OK

Check Details

Version: 0.3.0
Check: dependencies in R code
Result: NOTE
    Namespace in Imports field not imported from: ‘rio’
     All declared Imports should be used.
Flavors: r-devel-linux-x86_64-fedora-clang, r-devel-linux-x86_64-fedora-gcc, r-devel-windows-x86_64-gcc10-UCRT, r-patched-solaris-x86, r-release-macos-arm64, r-release-macos-x86_64, r-oldrel-macos-x86_64