CRAN Package Check Results for Package vMF

Last updated on 2024-06-13 10:49:15 CEST.

Flavor Version Tinstall Tcheck Ttotal Status Flags
r-devel-linux-x86_64-debian-clang 0.0.3 34.97 41.54 76.51 OK
r-devel-linux-x86_64-debian-gcc 0.0.3 22.70 25.58 48.28 ERROR
r-devel-linux-x86_64-fedora-clang 0.0.3 114.61 OK
r-devel-linux-x86_64-fedora-gcc 0.0.3 118.49 OK
r-devel-windows-x86_64 0.0.3 28.00 83.00 111.00 OK
r-patched-linux-x86_64 0.0.3 27.52 39.54 67.06 OK
r-release-linux-x86_64 0.0.3 30.59 39.94 70.53 OK
r-release-macos-arm64 0.0.3 34.00 OK
r-release-macos-x86_64 0.0.3 57.00 OK
r-release-windows-x86_64 0.0.3 28.00 86.00 114.00 OK
r-oldrel-macos-arm64 0.0.3 42.00 OK
r-oldrel-macos-x86_64 0.0.3 93.00 OK
r-oldrel-windows-x86_64 0.0.3 34.00 91.00 125.00 OK

Check Details

Version: 0.0.3
Check: package dependencies
Result: NOTE Packages suggested but not available for checking: 'ggplot2', 'ddpcr' Flavor: r-devel-linux-x86_64-debian-gcc

Version: 0.0.3
Check: re-building of vignette outputs
Result: ERROR Error(s) in re-building vignettes: ... --- re-building ‘vMF.Rmd’ using rmarkdown Quitting from lines 93-102 [comp2] (vMF.Rmd) Error: processing vignette 'vMF.Rmd' failed with diagnostics: there is no package called 'ddpcr' --- failed re-building ‘vMF.Rmd’ SUMMARY: processing the following file failed: ‘vMF.Rmd’ Error: Vignette re-building failed. Execution halted Flavor: r-devel-linux-x86_64-debian-gcc