CRAN Package Check Results for Package vagalumeR

Last updated on 2021-10-25 19:52:30 CEST.

Flavor Version Tinstall Tcheck Ttotal Status Flags
r-devel-linux-x86_64-debian-clang 0.1.6 2.04 20.54 22.58 NOTE
r-devel-linux-x86_64-debian-gcc 0.1.6 1.71 16.12 17.83 NOTE
r-devel-linux-x86_64-fedora-clang 0.1.6 38.42 NOTE
r-devel-linux-x86_64-fedora-gcc 0.1.6 27.44 NOTE
r-devel-windows-x86_64 0.1.6 4.00 30.00 34.00 NOTE
r-devel-windows-x86_64-gcc10-UCRT 0.1.6 NOTE
r-patched-linux-x86_64 0.1.6 2.06 19.96 22.02 NOTE
r-patched-solaris-x86 0.1.6 45.70 NOTE
r-release-linux-x86_64 0.1.6 1.75 19.93 21.68 NOTE
r-release-macos-arm64 0.1.6 NOTE
r-release-macos-x86_64 0.1.6 NOTE
r-release-windows-ix86+x86_64 0.1.6 4.00 37.00 41.00 NOTE
r-oldrel-macos-x86_64 0.1.6 OK
r-oldrel-windows-ix86+x86_64 0.1.6 5.00 40.00 45.00 OK

Check Details

Version: 0.1.6
Check: LazyData
Result: NOTE
     'LazyData' is specified without a 'data' directory
Flavors: r-devel-linux-x86_64-debian-clang, r-devel-linux-x86_64-debian-gcc, r-devel-linux-x86_64-fedora-clang, r-devel-linux-x86_64-fedora-gcc, r-devel-windows-x86_64, r-devel-windows-x86_64-gcc10-UCRT, r-patched-linux-x86_64, r-patched-solaris-x86, r-release-linux-x86_64, r-release-macos-arm64, r-release-macos-x86_64, r-release-windows-ix86+x86_64