CRAN Package Check Results for Package vcmeta

Last updated on 2021-12-05 09:50:14 CET.

Flavor Version Tinstall Tcheck Ttotal Status Flags
r-devel-linux-x86_64-debian-clang 1.0.0 11.35 93.05 104.40 OK
r-devel-linux-x86_64-debian-gcc 1.0.0 7.59 68.19 75.78 OK
r-devel-linux-x86_64-fedora-clang 1.0.0 135.21 NOTE
r-devel-linux-x86_64-fedora-gcc 1.0.0 111.50 NOTE
r-devel-windows-x86_64-new-UL 1.0.0 25.00 134.00 159.00 OK
r-devel-windows-x86_64-new-TK 1.0.0 NOTE
r-devel-windows-x86_64-old 1.0.0 18.00 83.00 101.00 OK
r-patched-linux-x86_64 1.0.0 11.09 76.92 88.01 OK
r-release-linux-x86_64 1.0.0 9.77 85.53 95.30 OK
r-release-macos-arm64 1.0.0 NOTE
r-release-macos-x86_64 1.0.0 NOTE
r-release-windows-ix86+x86_64 1.0.0 23.00 116.00 139.00 OK
r-oldrel-macos-x86_64 1.0.0 NOTE
r-oldrel-windows-ix86+x86_64 1.0.0 22.00 116.00 138.00 OK

Check Details

Version: 1.0.0
Check: dependencies in R code
Result: NOTE
    Namespace in Imports field not imported from: ‘mathjaxr’
     All declared Imports should be used.
Flavors: r-devel-linux-x86_64-fedora-clang, r-devel-linux-x86_64-fedora-gcc, r-devel-windows-x86_64-new-TK, r-release-macos-arm64, r-release-macos-x86_64, r-oldrel-macos-x86_64