CRAN Package Check Results for Package venn

Last updated on 2021-09-22 01:49:18 CEST.

Flavor Version Tinstall Tcheck Ttotal Status Flags
r-devel-linux-x86_64-debian-clang 1.10 3.02 35.06 38.08 OK
r-devel-linux-x86_64-debian-gcc 1.10 2.93 25.26 28.19 OK
r-devel-linux-x86_64-fedora-clang 1.10 55.06 OK
r-devel-linux-x86_64-fedora-gcc 1.10 43.37 OK
r-devel-windows-x86_64 1.10 6.00 37.00 43.00 OK
r-devel-windows-x86_64-gcc10-UCRT 1.10 ERROR
r-patched-linux-x86_64 1.10 3.75 31.81 35.56 OK
r-patched-solaris-x86 1.10 62.90 OK
r-release-linux-x86_64 1.10 3.66 32.07 35.73 OK
r-release-macos-arm64 1.10 OK
r-release-macos-x86_64 1.10 OK
r-release-windows-ix86+x86_64 1.10 7.00 37.00 44.00 OK
r-oldrel-macos-x86_64 1.10 OK
r-oldrel-windows-ix86+x86_64 1.10 7.00 38.00 45.00 OK

Check Details

Version: 1.10
Check: whether package can be installed
Result: WARN
    Found the following significant warnings:
     WARNING: installation-time patches will not be applied, could not get the patches index
Flavor: r-devel-windows-x86_64-gcc10-UCRT

Version: 1.10
Check: PDF version of manual
Result: WARN
    LaTeX errors when creating PDF version.
    This typically indicates Rd problems.
Flavor: r-devel-windows-x86_64-gcc10-UCRT

Version: 1.10
Check: PDF version of manual without hyperrefs or index
Result: ERROR
    Re-running with no redirection of stdout/stderr.
Flavor: r-devel-windows-x86_64-gcc10-UCRT