CRAN Package Check Results for Package vip

Last updated on 2021-10-26 13:52:26 CEST.

Flavor Version Tinstall Tcheck Ttotal Status Flags
r-devel-linux-x86_64-debian-clang 0.3.2 3.99 172.23 176.22 NOTE
r-devel-linux-x86_64-debian-gcc 0.3.2 3.56 118.89 122.45 NOTE
r-devel-linux-x86_64-fedora-clang 0.3.2 194.55 NOTE
r-devel-linux-x86_64-fedora-gcc 0.3.2 186.65 NOTE
r-devel-windows-x86_64 0.3.2 7.00 138.00 145.00 NOTE
r-devel-windows-x86_64-gcc10-UCRT 0.3.2 NOTE
r-patched-linux-x86_64 0.3.2 5.09 154.89 159.98 NOTE
r-patched-solaris-x86 0.3.2 318.80 NOTE
r-release-linux-x86_64 0.3.2 4.32 153.52 157.84 NOTE
r-release-macos-arm64 0.3.2 NOTE
r-release-macos-x86_64 0.3.2 NOTE
r-release-windows-ix86+x86_64 0.3.2 7.00 196.00 203.00 NOTE
r-oldrel-macos-x86_64 0.3.2 OK
r-oldrel-windows-ix86+x86_64 0.3.2 8.00 196.00 204.00 OK

Check Details

Version: 0.3.2
Check: LazyData
Result: NOTE
     'LazyData' is specified without a 'data' directory
Flavors: r-devel-linux-x86_64-debian-clang, r-devel-linux-x86_64-debian-gcc, r-devel-linux-x86_64-fedora-clang, r-devel-linux-x86_64-fedora-gcc, r-devel-windows-x86_64, r-devel-windows-x86_64-gcc10-UCRT, r-patched-linux-x86_64, r-patched-solaris-x86, r-release-linux-x86_64, r-release-macos-arm64, r-release-macos-x86_64, r-release-windows-ix86+x86_64

Version: 0.3.2
Check: Rd cross-references
Result: NOTE
    Undeclared package ‘foreach’ in Rd xrefs
Flavor: r-devel-linux-x86_64-fedora-clang