CRAN Package Check Results for Package viridis

Last updated on 2021-10-17 13:51:01 CEST.

Flavor Version Tinstall Tcheck Ttotal Status Flags
r-devel-linux-x86_64-debian-clang 0.6.2 4.61 72.88 77.49 OK
r-devel-linux-x86_64-debian-gcc 0.6.2 3.36 55.40 58.76 OK
r-devel-linux-x86_64-fedora-clang 0.6.2 99.75 NOTE
r-devel-linux-x86_64-fedora-gcc 0.6.2 93.40 NOTE
r-devel-windows-x86_64 0.6.2 9.00 58.00 67.00 OK --no-vignettes
r-devel-windows-x86_64-gcc10-UCRT 0.6.1 WARN
r-patched-linux-x86_64 0.6.2 4.60 66.84 71.44 OK
r-patched-solaris-x86 0.6.2 97.10 NOTE
r-release-linux-x86_64 0.6.2 3.40 68.74 72.14 OK
r-release-macos-arm64 0.6.1 NOTE
r-release-macos-x86_64 0.6.2 NOTE
r-release-windows-ix86+x86_64 0.6.2 10.00 47.00 57.00 OK --no-vignettes
r-oldrel-macos-x86_64 0.6.2 NOTE
r-oldrel-windows-ix86+x86_64 0.6.2 10.00 49.00 59.00 OK --no-vignettes

Check Details

Version: 0.6.2
Check: dependencies in R code
Result: NOTE
    Namespace in Imports field not imported from: ‘stats’
     All declared Imports should be used.
Flavors: r-devel-linux-x86_64-fedora-clang, r-devel-linux-x86_64-fedora-gcc, r-patched-solaris-x86, r-release-macos-x86_64, r-oldrel-macos-x86_64

Version: 0.6.1
Check: dependencies in R code
Result: NOTE
    Namespace in Imports field not imported from: 'stats'
     All declared Imports should be used.
Flavors: r-devel-windows-x86_64-gcc10-UCRT, r-release-macos-arm64

Version: 0.6.1
Check: re-building of vignette outputs
Result: WARN
    Error(s) in re-building vignettes:
    --- re-building 'intro-to-viridis.Rmd' using rmarkdown
    
    Attaching package: 'scales'
    
    The following object is masked from 'package:viridis':
    
     viridis_pal
    
    Loading required package: lattice
    Quitting from lines 251-260 (intro-to-viridis.Rmd)
    Error: processing vignette 'intro-to-viridis.Rmd' failed with diagnostics:
    could not find function "raster"
    --- failed re-building 'intro-to-viridis.Rmd'
    
    SUMMARY: processing the following file failed:
     'intro-to-viridis.Rmd'
    
    Error: Vignette re-building failed.
    Execution halted
Flavor: r-devel-windows-x86_64-gcc10-UCRT