CRAN Package Check Results for Package visNetwork

Last updated on 2024-04-17 16:53:26 CEST.

Flavor Version Tinstall Tcheck Ttotal Status Flags
r-devel-linux-x86_64-debian-clang 2.1.2 12.09 80.28 92.37 NOTE
r-devel-linux-x86_64-debian-gcc 2.1.2 8.75 58.87 67.62 NOTE
r-devel-linux-x86_64-fedora-clang 2.1.2 114.75 NOTE
r-devel-linux-x86_64-fedora-gcc 2.1.2 124.94 NOTE
r-prerel-macos-arm64 2.1.2 39.00 NOTE
r-prerel-windows-x86_64 2.1.2 13.00 89.00 102.00 NOTE
r-patched-linux-x86_64 2.1.2 17.64 75.29 92.93 NOTE
r-release-linux-x86_64 2.1.2 11.75 76.08 87.83 OK
r-release-macos-arm64 2.1.2 41.00 NOTE
r-release-macos-x86_64 2.1.2 62.00 NOTE
r-release-windows-x86_64 2.1.2 16.00 99.00 115.00 NOTE
r-oldrel-macos-arm64 2.1.2 32.00 NOTE
r-oldrel-windows-x86_64 2.1.2 17.00 88.00 105.00 NOTE

Check Details

Version: 2.1.2
Check: Rd files
Result: NOTE checkRd: (-1) visEdges.Rd:68: Lost braces in \itemize; meant \describe ? checkRd: (-1) visEdges.Rd:69: Lost braces in \itemize; meant \describe ? checkRd: (-1) visEdges.Rd:70: Lost braces in \itemize; meant \describe ? checkRd: (-1) visEdges.Rd:71: Lost braces in \itemize; meant \describe ? checkRd: (-1) visEdges.Rd:72: Lost braces in \itemize; meant \describe ? checkRd: (-1) visEdges.Rd:77: Lost braces in \itemize; meant \describe ? checkRd: (-1) visEdges.Rd:78: Lost braces in \itemize; meant \describe ? checkRd: (-1) visEdges.Rd:79: Lost braces in \itemize; meant \describe ? checkRd: (-1) visEdges.Rd:80: Lost braces in \itemize; meant \describe ? checkRd: (-1) visEdges.Rd:81: Lost braces in \itemize; meant \describe ? checkRd: (-1) visEdges.Rd:82: Lost braces in \itemize; meant \describe ? checkRd: (-1) visEdges.Rd:83: Lost braces in \itemize; meant \describe ? checkRd: (-1) visEdges.Rd:84: Lost braces in \itemize; meant \describe ? checkRd: (-1) visEdges.Rd:94: Lost braces in \itemize; meant \describe ? checkRd: (-1) visEdges.Rd:95: Lost braces in \itemize; meant \describe ? checkRd: (-1) visEdges.Rd:96: Lost braces in \itemize; meant \describe ? checkRd: (-1) visEdges.Rd:97: Lost braces in \itemize; meant \describe ? checkRd: (-1) visEdges.Rd:102: Lost braces in \itemize; meant \describe ? checkRd: (-1) visEdges.Rd:103: Lost braces in \itemize; meant \describe ? checkRd: (-1) visEdges.Rd:104: Lost braces in \itemize; meant \describe ? checkRd: (-1) visEdges.Rd:105: Lost braces in \itemize; meant \describe ? checkRd: (-1) visEdges.Rd:106: Lost braces in \itemize; meant \describe ? checkRd: (-1) visEdges.Rd:111: Lost braces in \itemize; meant \describe ? checkRd: (-1) visEdges.Rd:112: Lost braces in \itemize; meant \describe ? checkRd: (-1) visEdges.Rd:113-121: Lost braces in \itemize; meant \describe ? checkRd: (-1) visEdges.Rd:115: Lost braces in \itemize; meant \describe ? checkRd: (-1) visEdges.Rd:116: Lost braces in \itemize; meant \describe ? checkRd: (-1) visEdges.Rd:117: Lost braces in \itemize; meant \describe ? checkRd: (-1) visEdges.Rd:118: Lost braces in \itemize; meant \describe ? checkRd: (-1) visEdges.Rd:119: Lost braces in \itemize; meant \describe ? checkRd: (-1) visEdges.Rd:122: Lost braces in \itemize; meant \describe ? checkRd: (-1) visEvents.Rd:79: Lost braces; missing escapes or markup? 79 | \item{hoverNode}{: Fired interaction:{hover:true} and the mouse hovers over a node.} | ^ checkRd: (-1) visEvents.Rd:81: Lost braces; missing escapes or markup? 81 | \item{blurNode}{: Fired interaction:{hover:true} and the mouse moved away from a node it was hovering over before.} | ^ checkRd: (-1) visEvents.Rd:83: Lost braces; missing escapes or markup? 83 | \item{hoverEdge}{: Fired interaction:{hover:true} and the mouse hovers over a edge} | ^ checkRd: (-1) visEvents.Rd:85: Lost braces; missing escapes or markup? 85 | \item{blurEdge}{: Fired interaction:{hover:true} and the mouse moved away from a edge it was hovering over before.} | ^ checkRd: (-1) visInteraction.Rd:47: Lost braces in \itemize; meant \describe ? checkRd: (-1) visInteraction.Rd:48-54: Lost braces in \itemize; meant \describe ? checkRd: (-1) visInteraction.Rd:50: Lost braces in \itemize; meant \describe ? checkRd: (-1) visInteraction.Rd:51: Lost braces in \itemize; meant \describe ? checkRd: (-1) visInteraction.Rd:52: Lost braces in \itemize; meant \describe ? checkRd: (-1) visInteraction.Rd:55: Lost braces in \itemize; meant \describe ? checkRd: (-1) visLegend.Rd:39: Lost braces in \itemize; meant \describe ? checkRd: (-1) visLegend.Rd:40: Lost braces in \itemize; meant \describe ? checkRd: (-1) visNetwork-shiny.Rd:44: Lost braces in \itemize; meant \describe ? checkRd: (-1) visNetwork-shiny.Rd:45: Lost braces in \itemize; meant \describe ? checkRd: (-1) visNetwork-shiny.Rd:46: Lost braces in \itemize; meant \describe ? checkRd: (-1) visNetwork-shiny.Rd:47: Lost braces in \itemize; meant \describe ? checkRd: (-1) visNetwork-shiny.Rd:48: Lost braces in \itemize; meant \describe ? checkRd: (-1) visNetwork-shiny.Rd:49: Lost braces in \itemize; meant \describe ? checkRd: (-1) visNetwork-shiny.Rd:50: Lost braces in \itemize; meant \describe ? checkRd: (-1) visNetwork-shiny.Rd:51: Lost braces in \itemize; meant \describe ? checkRd: (-1) visNetwork-shiny.Rd:52: Lost braces in \itemize; meant \describe ? checkRd: (-1) visNetwork-shiny.Rd:53: Lost braces in \itemize; meant \describe ? checkRd: (-1) visNetwork-shiny.Rd:54: Lost braces in \itemize; meant \describe ? checkRd: (-1) visNetwork-shiny.Rd:55: Lost braces in \itemize; meant \describe ? checkRd: (-1) visNetwork-shiny.Rd:56: Lost braces in \itemize; meant \describe ? checkRd: (-1) visNetwork-shiny.Rd:57: Lost braces in \itemize; meant \describe ? checkRd: (-1) visNetwork-shiny.Rd:58: Lost braces in \itemize; meant \describe ? checkRd: (-1) visNetwork-shiny.Rd:59: Lost braces in \itemize; meant \describe ? checkRd: (-1) visNetwork-shiny.Rd:60-63: Lost braces in \itemize; meant \describe ? checkRd: (-1) visNetwork-treeModule.Rd:96: Lost braces in \itemize; meant \describe ? checkRd: (-1) visNetwork-treeModule.Rd:97: Lost braces in \itemize; meant \describe ? checkRd: (-1) visNetwork-treeModule.Rd:102: Lost braces in \itemize; meant \describe ? checkRd: (-1) visNetwork-treeModule.Rd:103: Lost braces in \itemize; meant \describe ? checkRd: (-1) visNetwork.Rd:24: Lost braces in \itemize; meant \describe ? checkRd: (-1) visNetwork.Rd:25: Lost braces in \itemize; meant \describe ? checkRd: (-1) visNetwork.Rd:26: Lost braces in \itemize; meant \describe ? checkRd: (-1) visNetwork.Rd:27: Lost braces in \itemize; meant \describe ? checkRd: (-1) visNetwork.Rd:28: Lost braces in \itemize; meant \describe ? checkRd: (-1) visNetwork.Rd:34: Lost braces in \itemize; meant \describe ? checkRd: (-1) visNetwork.Rd:35: Lost braces in \itemize; meant \describe ? checkRd: (-1) visNetwork.Rd:36: Lost braces in \itemize; meant \describe ? checkRd: (-1) visNetwork.Rd:37: Lost braces in \itemize; meant \describe ? checkRd: (-1) visNetwork.Rd:38: Lost braces in \itemize; meant \describe ? checkRd: (-1) visNetwork.Rd:52: Lost braces in \itemize; meant \describe ? checkRd: (-1) visNetwork.Rd:53: Lost braces in \itemize; meant \describe ? checkRd: (-1) visNetwork.Rd:58: Lost braces in \itemize; meant \describe ? checkRd: (-1) visNetwork.Rd:59: Lost braces in \itemize; meant \describe ? checkRd: (-1) visNetwork.Rd:64: Lost braces in \itemize; meant \describe ? checkRd: (-1) visNetwork.Rd:65: Lost braces in \itemize; meant \describe ? checkRd: (-1) visNodes.Rd:70: Lost braces in \itemize; meant \describe ? checkRd: (-1) visNodes.Rd:71: Lost braces in \itemize; meant \describe ? checkRd: (-1) visNodes.Rd:88: Lost braces in \itemize; meant \describe ? checkRd: (-1) visNodes.Rd:89: Lost braces in \itemize; meant \describe ? checkRd: (-1) visNodes.Rd:90-95: Lost braces in \itemize; meant \describe ? checkRd: (-1) visNodes.Rd:92: Lost braces in \itemize; meant \describe ? checkRd: (-1) visNodes.Rd:93: Lost braces in \itemize; meant \describe ? checkRd: (-1) visNodes.Rd:96-101: Lost braces in \itemize; meant \describe ? checkRd: (-1) visNodes.Rd:98: Lost braces in \itemize; meant \describe ? checkRd: (-1) visNodes.Rd:99: Lost braces in \itemize; meant \describe ? checkRd: (-1) visNodes.Rd:108: Lost braces in \itemize; meant \describe ? checkRd: (-1) visNodes.Rd:109: Lost braces in \itemize; meant \describe ? checkRd: (-1) visNodes.Rd:114: Lost braces in \itemize; meant \describe ? checkRd: (-1) visNodes.Rd:115: Lost braces in \itemize; meant \describe ? checkRd: (-1) visNodes.Rd:116: Lost braces in \itemize; meant \describe ? checkRd: (-1) visNodes.Rd:117: Lost braces in \itemize; meant \describe ? checkRd: (-1) visNodes.Rd:118: Lost braces in \itemize; meant \describe ? checkRd: (-1) visNodes.Rd:119: Lost braces in \itemize; meant \describe ? checkRd: (-1) visNodes.Rd:120: Lost braces in \itemize; meant \describe ? checkRd: (-1) visNodes.Rd:121: Lost braces in \itemize; meant \describe ? checkRd: (-1) visNodes.Rd:126: Lost braces in \itemize; meant \describe ? checkRd: (-1) visNodes.Rd:127: Lost braces in \itemize; meant \describe ? checkRd: (-1) visNodes.Rd:128: Lost braces in \itemize; meant \describe ? checkRd: (-1) visNodes.Rd:129: Lost braces in \itemize; meant \describe ? checkRd: (-1) visNodes.Rd:130: Lost braces in \itemize; meant \describe ? checkRd: (-1) visNodes.Rd:135: Lost braces in \itemize; meant \describe ? checkRd: (-1) visNodes.Rd:136: Lost braces in \itemize; meant \describe ? checkRd: (-1) visNodes.Rd:137: Lost braces in \itemize; meant \describe ? checkRd: (-1) visNodes.Rd:138: Lost braces in \itemize; meant \describe ? checkRd: (-1) visNodes.Rd:139: Lost braces in \itemize; meant \describe ? checkRd: (-1) visNodes.Rd:144: Lost braces in \itemize; meant \describe ? checkRd: (-1) visNodes.Rd:145: Lost braces in \itemize; meant \describe ? checkRd: (-1) visNodes.Rd:146-154: Lost braces in \itemize; meant \describe ? checkRd: (-1) visNodes.Rd:148: Lost braces in \itemize; meant \describe ? checkRd: (-1) visNodes.Rd:149: Lost braces in \itemize; meant \describe ? checkRd: (-1) visNodes.Rd:150: Lost braces in \itemize; meant \describe ? checkRd: (-1) visNodes.Rd:151: Lost braces in \itemize; meant \describe ? checkRd: (-1) visNodes.Rd:152: Lost braces in \itemize; meant \describe ? checkRd: (-1) visNodes.Rd:155: Lost braces in \itemize; meant \describe ? checkRd: (-1) visOptions.Rd:29: Lost braces in \itemize; meant \describe ? checkRd: (-1) visOptions.Rd:30: Lost braces in \itemize; meant \describe ? checkRd: (-1) visOptions.Rd:31: Lost braces in \itemize; meant \describe ? checkRd: (-1) visOptions.Rd:32: Lost braces in \itemize; meant \describe ? checkRd: (-1) visOptions.Rd:33: Lost braces in \itemize; meant \describe ? checkRd: (-1) visOptions.Rd:34: Lost braces in \itemize; meant \describe ? checkRd: (-1) visOptions.Rd:39: Lost braces in \itemize; meant \describe ? checkRd: (-1) visOptions.Rd:40: Lost braces in \itemize; meant \describe ? checkRd: (-1) visOptions.Rd:41: Lost braces in \itemize; meant \describe ? checkRd: (-1) visOptions.Rd:42: Lost braces in \itemize; meant \describe ? checkRd: (-1) visOptions.Rd:43: Lost braces in \itemize; meant \describe ? checkRd: (-1) visOptions.Rd:44: Lost braces in \itemize; meant \describe ? checkRd: (-1) visOptions.Rd:49: Lost braces in \itemize; meant \describe ? checkRd: (-1) visOptions.Rd:50: Lost braces in \itemize; meant \describe ? checkRd: (-1) visOptions.Rd:51: Lost braces in \itemize; meant \describe ? checkRd: (-1) visOptions.Rd:52: Lost braces in \itemize; meant \describe ? checkRd: (-1) visOptions.Rd:53: Lost braces in \itemize; meant \describe ? checkRd: (-1) visOptions.Rd:54: Lost braces in \itemize; meant \describe ? checkRd: (-1) visOptions.Rd:55: Lost braces in \itemize; meant \describe ? checkRd: (-1) visOptions.Rd:56: Lost braces in \itemize; meant \describe ? checkRd: (-1) visOptions.Rd:57: Lost braces in \itemize; meant \describe ? checkRd: (-1) visOptions.Rd:62: Lost braces in \itemize; meant \describe ? checkRd: (-1) visOptions.Rd:63: Lost braces in \itemize; meant \describe ? checkRd: (-1) visOptions.Rd:64: Lost braces in \itemize; meant \describe ? checkRd: (-1) visOptions.Rd:65: Lost braces in \itemize; meant \describe ? checkRd: (-1) visOptions.Rd:66: Lost braces in \itemize; meant \describe ? checkRd: (-1) visOptions.Rd:67: Lost braces in \itemize; meant \describe ? checkRd: (-1) visOptions.Rd:76: Lost braces in \itemize; meant \describe ? checkRd: (-1) visOptions.Rd:77: Lost braces in \itemize; meant \describe ? checkRd: (-1) visOptions.Rd:78: Lost braces in \itemize; meant \describe ? checkRd: (-1) visPhysics.Rd:36: Lost braces in \itemize; meant \describe ? checkRd: (-1) visPhysics.Rd:37: Lost braces in \itemize; meant \describe ? checkRd: (-1) visPhysics.Rd:38: Lost braces in \itemize; meant \describe ? checkRd: (-1) visPhysics.Rd:39: Lost braces in \itemize; meant \describe ? checkRd: (-1) visPhysics.Rd:40: Lost braces in \itemize; meant \describe ? checkRd: (-1) visPhysics.Rd:41: Lost braces in \itemize; meant \describe ? checkRd: (-1) visPhysics.Rd:42: Lost braces in \itemize; meant \describe ? checkRd: (-1) visPhysics.Rd:47: Lost braces in \itemize; meant \describe ? checkRd: (-1) visPhysics.Rd:48: Lost braces in \itemize; meant \describe ? checkRd: (-1) visPhysics.Rd:49: Lost braces in \itemize; meant \describe ? checkRd: (-1) visPhysics.Rd:50: Lost braces in \itemize; meant \describe ? checkRd: (-1) visPhysics.Rd:51: Lost braces in \itemize; meant \describe ? checkRd: (-1) visPhysics.Rd:52: Lost braces in \itemize; meant \describe ? checkRd: (-1) visPhysics.Rd:53: Lost braces in \itemize; meant \describe ? checkRd: (-1) visPhysics.Rd:58: Lost braces in \itemize; meant \describe ? checkRd: (-1) visPhysics.Rd:59: Lost braces in \itemize; meant \describe ? checkRd: (-1) visPhysics.Rd:60: Lost braces in \itemize; meant \describe ? checkRd: (-1) visPhysics.Rd:61: Lost braces in \itemize; meant \describe ? checkRd: (-1) visPhysics.Rd:62: Lost braces in \itemize; meant \describe ? checkRd: (-1) visPhysics.Rd:67: Lost braces in \itemize; meant \describe ? checkRd: (-1) visPhysics.Rd:68: Lost braces in \itemize; meant \describe ? checkRd: (-1) visPhysics.Rd:69: Lost braces in \itemize; meant \describe ? checkRd: (-1) visPhysics.Rd:70: Lost braces in \itemize; meant \describe ? checkRd: (-1) visPhysics.Rd:71: Lost braces in \itemize; meant \describe ? checkRd: (-1) visPhysics.Rd:72: Lost braces in \itemize; meant \describe ? checkRd: (-1) visPhysics.Rd:77: Lost braces in \itemize; meant \describe ? checkRd: (-1) visPhysics.Rd:78: Lost braces in \itemize; meant \describe ? checkRd: (-1) visPhysics.Rd:79: Lost braces in \itemize; meant \describe ? checkRd: (-1) visPhysics.Rd:80: Lost braces in \itemize; meant \describe ? checkRd: (-1) visPhysics.Rd:81: Lost braces in \itemize; meant \describe ? checkRd: (-1) visPhysics.Rd:88: Lost braces in \itemize; meant \describe ? checkRd: (-1) visPhysics.Rd:89: Lost braces in \itemize; meant \describe ? checkRd: (-1) visSetTitle.Rd:14: Lost braces in \itemize; meant \describe ? checkRd: (-1) visSetTitle.Rd:15: Lost braces in \itemize; meant \describe ? checkRd: (-1) visSetTitle.Rd:16: Lost braces in \itemize; meant \describe ? checkRd: (-1) visSetTitle.Rd:21: Lost braces in \itemize; meant \describe ? checkRd: (-1) visSetTitle.Rd:22: Lost braces in \itemize; meant \describe ? checkRd: (-1) visSetTitle.Rd:23: Lost braces in \itemize; meant \describe ? checkRd: (-1) visSetTitle.Rd:28: Lost braces in \itemize; meant \describe ? checkRd: (-1) visSetTitle.Rd:29: Lost braces in \itemize; meant \describe ? checkRd: (-1) visSetTitle.Rd:30: Lost braces in \itemize; meant \describe ? checkRd: (-1) visTree.Rd:77: Lost braces in \itemize; meant \describe ? checkRd: (-1) visTree.Rd:78: Lost braces in \itemize; meant \describe ? checkRd: (-1) visTree.Rd:83: Lost braces in \itemize; meant \describe ? checkRd: (-1) visTree.Rd:84: Lost braces in \itemize; meant \describe ? checkRd: (-1) visUpdateEdges.Rd:14: Lost braces in \itemize; meant \describe ? checkRd: (-1) visUpdateEdges.Rd:15: Lost braces in \itemize; meant \describe ? checkRd: (-1) visUpdateEdges.Rd:16: Lost braces in \itemize; meant \describe ? checkRd: (-1) visUpdateEdges.Rd:17: Lost braces in \itemize; meant \describe ? checkRd: (-1) visUpdateEdges.Rd:18: Lost braces in \itemize; meant \describe ? checkRd: (-1) visUpdateEdges.Rd:19: Lost braces in \itemize; meant \describe ? checkRd: (-1) visUpdateNodes.Rd:14: Lost braces in \itemize; meant \describe ? checkRd: (-1) visUpdateNodes.Rd:15: Lost braces in \itemize; meant \describe ? checkRd: (-1) visUpdateNodes.Rd:16: Lost braces in \itemize; meant \describe ? checkRd: (-1) visUpdateNodes.Rd:17: Lost braces in \itemize; meant \describe ? checkRd: (-1) visUpdateNodes.Rd:18: Lost braces in \itemize; meant \describe ? Flavors: r-devel-linux-x86_64-debian-clang, r-devel-linux-x86_64-debian-gcc, r-devel-linux-x86_64-fedora-clang, r-devel-linux-x86_64-fedora-gcc, r-prerel-macos-arm64, r-prerel-windows-x86_64, r-patched-linux-x86_64

Version: 2.1.2
Check: installed package size
Result: NOTE installed size is 10.9Mb sub-directories of 1Mb or more: doc 2.0Mb htmlwidgets 6.9Mb Flavors: r-devel-linux-x86_64-fedora-clang, r-prerel-macos-arm64, r-prerel-windows-x86_64, r-release-macos-arm64, r-release-macos-x86_64, r-release-windows-x86_64, r-oldrel-macos-arm64, r-oldrel-windows-x86_64