CRAN Package Check Results for Package visa

Last updated on 2024-02-21 15:51:02 CET.

Flavor Version Tinstall Tcheck Ttotal Status Flags
r-devel-linux-x86_64-debian-clang 0.1.0 NOTE
r-devel-linux-x86_64-debian-gcc 0.1.0 10.54 95.95 106.49 NOTE
r-devel-linux-x86_64-fedora-clang 0.1.0 187.56 OK
r-devel-linux-x86_64-fedora-gcc 0.1.0 185.61 OK
r-devel-windows-x86_64 0.1.0 13.00 109.00 122.00 OK
r-patched-linux-x86_64 0.1.0 8.87 125.11 133.98 OK
r-release-linux-x86_64 0.1.0 9.10 124.47 133.57 OK
r-release-macos-arm64 0.1.0 55.00 OK
r-release-macos-x86_64 0.1.0 95.00 OK
r-release-windows-x86_64 0.1.0 16.00 133.00 149.00 OK
r-oldrel-macos-arm64 0.1.0 60.00 OK
r-oldrel-windows-x86_64 0.1.0 17.00 134.00 151.00 OK

Check Details

Version: 0.1.0
Check: Rd files
Result: NOTE checkRd: (-1) NSpec.DB.Rd:16: Lost braces; missing escapes or markup? 16 | ...{currently not used} | ^ checkRd: (-1) wavelength-methods.Rd:32: Lost braces; missing escapes or markup? 32 | A call to {new} returns a newly allocated object from the class identified by the first argument. | ^ Flavors: r-devel-linux-x86_64-debian-clang, r-devel-linux-x86_64-debian-gcc