CRAN Package Check Results for Package vistime

Last updated on 2021-12-09 00:51:57 CET.

Flavor Version Tinstall Tcheck Ttotal Status Flags
r-devel-linux-x86_64-debian-clang 1.2.1 7.25 92.57 99.82 OK
r-devel-linux-x86_64-debian-gcc 1.2.1 5.45 74.30 79.75 OK
r-devel-linux-x86_64-fedora-clang 1.2.1 130.78 NOTE
r-devel-linux-x86_64-fedora-gcc 1.2.1 106.72 OK
r-devel-windows-x86_64-new-UL 1.2.1 19.00 146.00 165.00 NOTE
r-devel-windows-x86_64-new-TK 1.2.1 OK
r-devel-windows-x86_64-old 1.2.1 13.00 93.00 106.00 NOTE
r-patched-linux-x86_64 1.2.1 7.10 89.84 96.94 OK
r-release-linux-x86_64 1.2.1 6.38 91.08 97.46 OK
r-release-macos-arm64 1.2.1 NOTE
r-release-macos-x86_64 1.2.1 WARN
r-release-windows-ix86+x86_64 1.2.1 13.00 122.00 135.00 NOTE
r-oldrel-macos-x86_64 1.2.1 WARN
r-oldrel-windows-ix86+x86_64 1.2.1 19.00 119.00 138.00 NOTE

Check Details

Version: 1.2.1
Check: installed package size
Result: NOTE
     installed size is 6.2Mb
     sub-directories of 1Mb or more:
     doc 5.9Mb
Flavors: r-devel-linux-x86_64-fedora-clang, r-devel-windows-x86_64-new-UL, r-devel-windows-x86_64-old, r-release-macos-arm64, r-release-macos-x86_64, r-release-windows-ix86+x86_64, r-oldrel-macos-x86_64, r-oldrel-windows-ix86+x86_64

Version: 1.2.1
Check: re-building of vignette outputs
Result: WARN
    Error(s) in re-building vignettes:
    --- re-building ‘gg_vistime-vignette.Rmd’ using rmarkdown
    Warning in engine$weave(file, quiet = quiet, encoding = enc) :
     Pandoc (>= 1.12.3) not available. Falling back to R Markdown v1.
    Coordinate system already present. Adding new coordinate system, which will replace the existing one.
    --- finished re-building ‘gg_vistime-vignette.Rmd’
    
    --- re-building ‘hc_vistime-vignette.Rmd’ using rmarkdown
    Warning in engine$weave(file, quiet = quiet, encoding = enc) :
     Pandoc (>= 1.12.3) not available. Falling back to R Markdown v1.
    Quitting from lines 34-41 (hc_vistime-vignette.Rmd)
    Error: processing vignette 'hc_vistime-vignette.Rmd' failed with diagnostics:
    invalid 'path' argument
    --- failed re-building ‘hc_vistime-vignette.Rmd’
    
    --- re-building ‘vistime-vignette.Rmd’ using rmarkdown
    Warning in engine$weave(file, quiet = quiet, encoding = enc) :
     Pandoc (>= 1.12.3) not available. Falling back to R Markdown v1.
    Quitting from lines 32-40 (vistime-vignette.Rmd)
    Error: processing vignette 'vistime-vignette.Rmd' failed with diagnostics:
    invalid 'path' argument
    --- failed re-building ‘vistime-vignette.Rmd’
    
    SUMMARY: processing the following files failed:
     ‘hc_vistime-vignette.Rmd’ ‘vistime-vignette.Rmd’
    
    Error: Vignette re-building failed.
    Execution halted
Flavor: r-release-macos-x86_64

Version: 1.2.1
Check: re-building of vignette outputs
Result: WARN
    Error(s) in re-building vignettes:
    --- re-building ‘gg_vistime-vignette.Rmd’ using rmarkdown
    Warning in engine$weave(file, quiet = quiet, encoding = enc) :
     Pandoc (>= 1.12.3) and/or pandoc-citeproc not available. Falling back to R Markdown v1.
    Coordinate system already present. Adding new coordinate system, which will replace the existing one.
    --- finished re-building ‘gg_vistime-vignette.Rmd’
    
    --- re-building ‘hc_vistime-vignette.Rmd’ using rmarkdown
    Warning in engine$weave(file, quiet = quiet, encoding = enc) :
     Pandoc (>= 1.12.3) and/or pandoc-citeproc not available. Falling back to R Markdown v1.
    Quitting from lines 34-41 (hc_vistime-vignette.Rmd)
    Error: processing vignette 'hc_vistime-vignette.Rmd' failed with diagnostics:
    invalid 'path' argument
    --- failed re-building ‘hc_vistime-vignette.Rmd’
    
    --- re-building ‘vistime-vignette.Rmd’ using rmarkdown
    Warning in engine$weave(file, quiet = quiet, encoding = enc) :
     Pandoc (>= 1.12.3) and/or pandoc-citeproc not available. Falling back to R Markdown v1.
    Quitting from lines 32-40 (vistime-vignette.Rmd)
    Error: processing vignette 'vistime-vignette.Rmd' failed with diagnostics:
    invalid 'path' argument
    --- failed re-building ‘vistime-vignette.Rmd’
    
    SUMMARY: processing the following files failed:
     ‘hc_vistime-vignette.Rmd’ ‘vistime-vignette.Rmd’
    
    Error: Vignette re-building failed.
    Execution halted
Flavor: r-oldrel-macos-x86_64