CRAN Package Check Results for Package vivid

Last updated on 2021-09-27 04:55:15 CEST.

Flavor Version Tinstall Tcheck Ttotal Status Flags
r-devel-linux-x86_64-debian-clang 0.2.1 8.92 339.56 348.48 OK
r-devel-linux-x86_64-debian-gcc 0.2.1 7.09 247.19 254.28 OK
r-devel-linux-x86_64-fedora-clang 0.2.1 418.39 NOTE
r-devel-linux-x86_64-fedora-gcc 0.2.1 405.41 NOTE
r-devel-windows-x86_64 0.2.1 11.00 275.00 286.00 OK
r-devel-windows-x86_64-gcc10-UCRT 0.2.1 NOTE
r-patched-linux-x86_64 0.2.1 9.27 302.76 312.03 OK
r-patched-solaris-x86 0.2.1 349.30 NOTE
r-release-linux-x86_64 0.2.1 8.77 303.00 311.77 OK
r-release-macos-arm64 0.2.1 NOTE
r-release-macos-x86_64 0.2.1 NOTE
r-release-windows-ix86+x86_64 0.2.1 22.00 256.00 278.00 OK
r-oldrel-macos-x86_64 0.2.1 NOTE
r-oldrel-windows-ix86+x86_64 0.2.1 16.00 259.00 275.00 OK

Check Details

Version: 0.2.1
Check: dependencies in R code
Result: NOTE
    Namespaces in Imports field not imported from:
     ‘RColorBrewer’ ‘colorspace’ ‘tidyr’
     All declared Imports should be used.
Flavors: r-devel-linux-x86_64-fedora-clang, r-devel-linux-x86_64-fedora-gcc, r-devel-windows-x86_64-gcc10-UCRT, r-patched-solaris-x86, r-release-macos-arm64, r-release-macos-x86_64, r-oldrel-macos-x86_64