CRAN Package Check Results for Package vroom

Last updated on 2021-09-20 19:53:18 CEST.

Flavor Version Tinstall Tcheck Ttotal Status Flags
r-devel-linux-x86_64-debian-clang 1.5.5 128.84 98.12 226.96 OK
r-devel-linux-x86_64-debian-gcc 1.5.5 99.43 72.30 171.73 OK
r-devel-linux-x86_64-fedora-clang 1.5.5 280.99 NOTE
r-devel-linux-x86_64-fedora-gcc 1.5.5 290.75 OK
r-devel-windows-x86_64 1.5.5 129.00 104.00 233.00 OK
r-devel-windows-x86_64-gcc10-UCRT 1.5.5 ERROR
r-patched-linux-x86_64 1.5.5 118.73 93.00 211.73 OK
r-patched-solaris-x86 1.5.5 259.80 NOTE
r-release-linux-x86_64 1.5.5 115.51 93.14 208.65 OK
r-release-macos-arm64 1.5.5 NOTE
r-release-macos-x86_64 1.5.5 NOTE
r-release-windows-ix86+x86_64 1.5.5 247.00 163.00 410.00 OK
r-oldrel-macos-x86_64 1.5.5 NOTE
r-oldrel-windows-ix86+x86_64 1.5.5 321.00 195.00 516.00 OK

Check Details

Version: 1.5.5
Check: installed package size
Result: NOTE
     installed size is 9.4Mb
     sub-directories of 1Mb or more:
     libs 7.9Mb
Flavors: r-devel-linux-x86_64-fedora-clang, r-release-macos-arm64, r-release-macos-x86_64, r-oldrel-macos-x86_64

Version: 1.5.5
Check: Rd cross-references
Result: NOTE
    Undeclared package ‘readr’ in Rd xrefs
Flavor: r-devel-linux-x86_64-fedora-clang

Version: 1.5.5
Check: whether package can be installed
Result: ERROR
    Installation failed.
Flavor: r-devel-windows-x86_64-gcc10-UCRT

Version: 1.5.5
Check: package dependencies
Result: NOTE
    Package suggested but not available for checking: ‘archive’
Flavor: r-patched-solaris-x86