CRAN Package Check Results for Package wavelets

Last updated on 2021-10-28 16:50:43 CEST.

Flavor Version Tinstall Tcheck Ttotal Status Flags
r-devel-linux-x86_64-debian-clang 0.3-0.2 6.88 44.03 50.91 OK
r-devel-linux-x86_64-debian-gcc 0.3-0.2 5.17 33.88 39.05 OK
r-devel-linux-x86_64-fedora-clang 0.3-0.2 71.65 NOTE
r-devel-linux-x86_64-fedora-gcc 0.3-0.2 61.23 NOTE
r-devel-windows-x86_64 0.3-0.2 12.00 48.00 60.00 OK
r-devel-windows-x86_64-gcc10-UCRT 0.3-0.2 OK
r-patched-linux-x86_64 0.3-0.2 7.18 42.83 50.01 OK
r-patched-solaris-x86 0.3-0.2 84.60 OK
r-release-linux-x86_64 0.3-0.2 5.82 42.51 48.33 OK
r-release-macos-arm64 0.3-0.2 OK
r-release-macos-x86_64 0.3-0.2 OK
r-release-windows-ix86+x86_64 0.3-0.2 16.00 53.00 69.00 OK
r-oldrel-macos-x86_64 0.3-0.2 OK
r-oldrel-windows-ix86+x86_64 0.3-0.2 13.00 53.00 66.00 OK

Check Details

Version: 0.3-0.2
Check: compiled code
Result: NOTE
    File ‘wavelets/libs/wavelets.so’:
     Found no calls to: ‘R_registerRoutines’, ‘R_useDynamicSymbols’
    
    It is good practice to register native routines and to disable symbol
    search.
    
    See ‘Writing portable packages’ in the ‘Writing R Extensions’ manual.
Flavors: r-devel-linux-x86_64-fedora-clang, r-devel-linux-x86_64-fedora-gcc