CRAN Package Check Results for Package webdeveloper

Last updated on 2021-12-02 09:55:26 CET.

Flavor Version Tinstall Tcheck Ttotal Status Flags
r-devel-linux-x86_64-debian-clang 0.1.0 3.01 28.61 31.62 NOTE
r-devel-linux-x86_64-debian-gcc 0.1.0 1.89 22.23 24.12 NOTE
r-devel-linux-x86_64-fedora-clang 0.1.0 50.65 NOTE
r-devel-linux-x86_64-fedora-gcc 0.1.0 37.98 NOTE
r-devel-windows-x86_64-new-UL 0.1.0 8.00 63.00 71.00 NOTE
r-devel-windows-x86_64-new-TK 0.1.0 NOTE
r-devel-windows-x86_64-old 0.1.0 7.00 37.00 44.00 NOTE
r-patched-linux-x86_64 0.1.0 3.03 26.85 29.88 NOTE
r-patched-solaris-x86 0.1.0 60.00 NOTE
r-release-linux-x86_64 0.1.0 2.60 27.05 29.65 NOTE
r-release-macos-arm64 0.1.0 NOTE
r-release-macos-x86_64 0.1.0 NOTE
r-release-windows-ix86+x86_64 0.1.0 8.00 48.00 56.00 NOTE
r-oldrel-macos-x86_64 0.1.0 OK
r-oldrel-windows-ix86+x86_64 0.1.0 8.00 48.00 56.00 OK

Check Details

Version: 0.1.0
Check: LazyData
Result: NOTE
     'LazyData' is specified without a 'data' directory
Flavors: r-devel-linux-x86_64-debian-clang, r-devel-linux-x86_64-debian-gcc, r-devel-linux-x86_64-fedora-clang, r-devel-linux-x86_64-fedora-gcc, r-devel-windows-x86_64-new-UL, r-devel-windows-x86_64-new-TK, r-devel-windows-x86_64-old, r-patched-linux-x86_64, r-patched-solaris-x86, r-release-linux-x86_64, r-release-macos-arm64, r-release-macos-x86_64, r-release-windows-ix86+x86_64