CRAN Package Check Results for Package webdriver

Last updated on 2024-03-05 09:53:12 CET.

Flavor Version Tinstall Tcheck Ttotal Status Flags
r-devel-linux-x86_64-debian-clang 1.0.6 6.86 33.85 40.71 NOTE
r-devel-linux-x86_64-debian-gcc 1.0.6 5.05 25.95 31.00 NOTE
r-devel-linux-x86_64-fedora-clang 1.0.6 49.39 NOTE
r-devel-linux-x86_64-fedora-gcc 1.0.6 48.35 NOTE
r-devel-windows-x86_64 1.0.6 6.00 48.00 54.00 NOTE
r-patched-linux-x86_64 1.0.6 6.31 33.09 39.40 NOTE
r-release-linux-x86_64 1.0.6 5.81 32.99 38.80 NOTE
r-release-macos-arm64 1.0.6 22.00 NOTE
r-release-macos-x86_64 1.0.6 27.00 NOTE
r-release-windows-x86_64 1.0.6 7.00 49.00 56.00 NOTE
r-oldrel-macos-arm64 1.0.6 21.00 NOTE
r-oldrel-windows-x86_64 1.0.6 8.00 51.00 59.00 NOTE

Check Details

Version: 1.0.6
Check: Rd files
Result: NOTE checkRd: (-1) Session.Rd:146: Lost braces 146 | sQuote{page load} timeout specifies a time to wait for the page loading | ^ Flavors: r-devel-linux-x86_64-debian-clang, r-devel-linux-x86_64-debian-gcc, r-devel-linux-x86_64-fedora-clang, r-devel-linux-x86_64-fedora-gcc, r-devel-windows-x86_64

Version: 1.0.6
Check: LazyData
Result: NOTE 'LazyData' is specified without a 'data' directory Flavors: r-devel-linux-x86_64-debian-clang, r-devel-linux-x86_64-debian-gcc, r-devel-linux-x86_64-fedora-clang, r-devel-linux-x86_64-fedora-gcc, r-devel-windows-x86_64, r-patched-linux-x86_64, r-release-linux-x86_64, r-release-macos-arm64, r-release-macos-x86_64, r-release-windows-x86_64, r-oldrel-macos-arm64, r-oldrel-windows-x86_64