CRAN Package Check Results for Package webreadr

Last updated on 2021-09-22 16:50:21 CEST.

Flavor Version Tinstall Tcheck Ttotal Status Flags
r-devel-linux-x86_64-debian-clang 0.4.0 22.00 44.62 66.62 OK
r-devel-linux-x86_64-debian-gcc 0.4.0 14.73 33.56 48.29 OK
r-devel-linux-x86_64-fedora-clang 0.4.0 93.56 NOTE
r-devel-linux-x86_64-fedora-gcc 0.4.0 79.38 NOTE
r-devel-windows-x86_64 0.4.0 22.00 65.00 87.00 OK
r-devel-windows-x86_64-gcc10-UCRT 0.4.0 ERROR
r-patched-linux-x86_64 0.4.0 18.12 39.81 57.93 OK
r-patched-solaris-x86 0.4.0 102.00 NOTE
r-release-linux-x86_64 0.4.0 17.07 39.71 56.78 OK
r-release-macos-arm64 0.4.0 OK
r-release-macos-x86_64 0.4.0 OK
r-release-windows-ix86+x86_64 0.4.0 53.00 73.00 126.00 OK
r-oldrel-macos-x86_64 0.4.0 OK
r-oldrel-windows-ix86+x86_64 0.4.0 38.00 71.00 109.00 OK

Check Details

Version: 0.4.0
Check: compiled code
Result: NOTE
    File ‘webreadr/libs/webreadr.so’:
     Found no calls to: ‘R_registerRoutines’, ‘R_useDynamicSymbols’
    
    It is good practice to register native routines and to disable symbol
    search.
    
    See ‘Writing portable packages’ in the ‘Writing R Extensions’ manual.
Flavors: r-devel-linux-x86_64-fedora-clang, r-devel-linux-x86_64-fedora-gcc

Version: 0.4.0
Check: whether package can be installed
Result: ERROR
    Installation failed.
Flavor: r-devel-windows-x86_64-gcc10-UCRT

Version: 0.4.0
Check: package dependencies
Result: NOTE
    Package suggested but not available for checking: ‘iptools’
Flavor: r-patched-solaris-x86