CRAN Package Check Results for Package wflo

Last updated on 2021-10-25 01:49:05 CEST.

Flavor Version Tinstall Tcheck Ttotal Status Flags
r-devel-linux-x86_64-debian-clang 1.6 4.90 491.57 496.47 OK
r-devel-linux-x86_64-debian-gcc 1.6 4.63 353.41 358.04 OK
r-devel-linux-x86_64-fedora-clang 1.6 578.86 NOTE
r-devel-linux-x86_64-fedora-gcc 1.6 579.73 NOTE
r-devel-windows-x86_64 1.6 10.00 425.00 435.00 OK
r-devel-windows-x86_64-gcc10-UCRT 1.6 NOTE
r-patched-linux-x86_64 1.6 7.04 485.84 492.88 OK
r-patched-solaris-x86 1.6 613.10 NOTE
r-release-linux-x86_64 1.6 5.17 478.66 483.83 OK
r-release-macos-arm64 1.6 NOTE
r-release-macos-x86_64 1.6 NOTE
r-release-windows-ix86+x86_64 1.6 7.00 575.00 582.00 OK
r-oldrel-macos-x86_64 1.6 NOTE
r-oldrel-windows-ix86+x86_64 1.6 11.00 554.00 565.00 OK

Check Details

Version: 1.6
Check: dependencies in R code
Result: NOTE
    Namespace in Imports field not imported from: ‘rgdal’
     All declared Imports should be used.
Flavors: r-devel-linux-x86_64-fedora-clang, r-devel-linux-x86_64-fedora-gcc, r-devel-windows-x86_64-gcc10-UCRT, r-patched-solaris-x86, r-release-macos-arm64, r-release-macos-x86_64, r-oldrel-macos-x86_64