CRAN Package Check Results for Package wiad

Last updated on 2021-10-16 22:53:11 CEST.

Flavor Version Tinstall Tcheck Ttotal Status Flags
r-devel-linux-x86_64-debian-clang 0.0.1.0 5.37 54.34 59.71 NOTE
r-devel-linux-x86_64-debian-gcc 0.0.1.0 4.82 41.03 45.85 NOTE
r-devel-linux-x86_64-fedora-clang 0.0.1.0 82.07 NOTE
r-devel-linux-x86_64-fedora-gcc 0.0.1.0 68.75 NOTE
r-devel-windows-x86_64 0.0.1.0 10.00 57.00 67.00 NOTE
r-devel-windows-x86_64-gcc10-UCRT 0.0.1.0 NOTE
r-patched-linux-x86_64 0.0.1.0 6.18 50.79 56.97 NOTE
r-patched-solaris-x86 0.0.1.0 104.70 NOTE
r-release-linux-x86_64 0.0.1.0 5.46 51.04 56.50 NOTE
r-release-macos-arm64 0.0.1.0 NOTE
r-release-macos-x86_64 0.0.1.0 NOTE
r-release-windows-ix86+x86_64 0.0.1.0 15.00 74.00 89.00 NOTE
r-oldrel-macos-x86_64 0.0.1.0 OK
r-oldrel-windows-ix86+x86_64 0.0.1.0 15.00 74.00 89.00 OK

Check Details

Version: 0.0.1.0
Check: LazyData
Result: NOTE
     'LazyData' is specified without a 'data' directory
Flavors: r-devel-linux-x86_64-debian-clang, r-devel-linux-x86_64-debian-gcc, r-devel-linux-x86_64-fedora-clang, r-devel-linux-x86_64-fedora-gcc, r-devel-windows-x86_64, r-devel-windows-x86_64-gcc10-UCRT, r-patched-linux-x86_64, r-patched-solaris-x86, r-release-linux-x86_64, r-release-macos-arm64, r-release-macos-x86_64, r-release-windows-ix86+x86_64