CRAN Package Check Results for Package wiad

Last updated on 2021-07-24 07:49:43 CEST.

Flavor Version Tinstall Tcheck Ttotal Status Flags
r-devel-linux-x86_64-debian-clang 0.0.1.0 5.96 55.13 61.09 NOTE
r-devel-linux-x86_64-debian-gcc 0.0.1.0 4.50 41.41 45.91 NOTE
r-devel-linux-x86_64-fedora-clang 0.0.1.0 81.23 NOTE
r-devel-linux-x86_64-fedora-gcc 0.0.1.0 69.22 NOTE
r-devel-windows-x86_64 0.0.1.0 7.00 58.00 65.00 NOTE
r-devel-windows-x86_64-gcc10-UCRT 0.0.1.0 NOTE
r-patched-linux-x86_64 0.0.1.0 5.88 50.92 56.80 NOTE
r-patched-solaris-x86 0.0.1.0 119.10 NOTE
r-release-linux-x86_64 0.0.1.0 4.89 50.91 55.80 NOTE
r-release-macos-arm64 0.0.1.0 NOTE
r-release-macos-x86_64 0.0.1.0 NOTE
r-release-windows-ix86+x86_64 0.0.1.0 14.00 66.00 80.00 NOTE
r-oldrel-macos-x86_64 0.0.1.0 OK
r-oldrel-windows-ix86+x86_64 0.0.1.0 15.00 76.00 91.00 OK

Check Details

Version: 0.0.1.0
Check: LazyData
Result: NOTE
     'LazyData' is specified without a 'data' directory
Flavors: r-devel-linux-x86_64-debian-clang, r-devel-linux-x86_64-debian-gcc, r-devel-linux-x86_64-fedora-clang, r-devel-linux-x86_64-fedora-gcc, r-devel-windows-x86_64, r-devel-windows-x86_64-gcc10-UCRT, r-patched-linux-x86_64, r-patched-solaris-x86, r-release-linux-x86_64, r-release-macos-arm64, r-release-macos-x86_64, r-release-windows-ix86+x86_64

Version: 0.0.1.0
Check: package dependencies
Result: NOTE
    Package suggested but not available for checking: ‘rgdal’
Flavor: r-release-macos-arm64