CRAN Package Check Results for Package widyr

Last updated on 2021-09-17 13:53:42 CEST.

Flavor Version Tinstall Tcheck Ttotal Status Flags
r-devel-linux-x86_64-debian-clang 0.1.4 9.54 123.59 133.13 OK
r-devel-linux-x86_64-debian-gcc 0.1.4 7.65 93.11 100.76 OK
r-devel-linux-x86_64-fedora-clang 0.1.4 165.25 NOTE
r-devel-linux-x86_64-fedora-gcc 0.1.4 154.10 NOTE
r-devel-windows-x86_64 0.1.4 12.00 174.00 186.00 OK
r-devel-windows-x86_64-gcc10-UCRT 0.1.4 NOTE
r-patched-linux-x86_64 0.1.4 9.30 118.32 127.62 OK
r-patched-solaris-x86 0.1.4 176.30 NOTE
r-release-linux-x86_64 0.1.4 7.92 119.76 127.68 OK
r-release-macos-arm64 0.1.4 NOTE
r-release-macos-x86_64 0.1.4 NOTE
r-release-windows-ix86+x86_64 0.1.4 22.00 130.00 152.00 OK
r-oldrel-macos-x86_64 0.1.4 NOTE
r-oldrel-windows-ix86+x86_64 0.1.4 22.00 128.00 150.00 OK

Check Details

Version: 0.1.4
Check: dependencies in R code
Result: NOTE
    Namespace in Imports field not imported from: ‘gapminder’
     All declared Imports should be used.
Flavors: r-devel-linux-x86_64-fedora-clang, r-devel-linux-x86_64-fedora-gcc, r-devel-windows-x86_64-gcc10-UCRT, r-patched-solaris-x86, r-release-macos-arm64, r-release-macos-x86_64, r-oldrel-macos-x86_64