CRAN Package Check Results for Package wingui

Last updated on 2021-09-27 19:50:38 CEST.

Flavor Version Tinstall Tcheck Ttotal Status Flags
r-devel-linux-x86_64-debian-clang 0.2 3.31 29.22 32.53 OK
r-devel-linux-x86_64-debian-gcc 0.2 2.55 22.97 25.52 OK
r-devel-linux-x86_64-fedora-clang 0.2 50.21 NOTE
r-devel-linux-x86_64-fedora-gcc 0.2 37.93 NOTE
r-devel-windows-x86_64 0.2 30.00 48.00 78.00 NOTE
r-devel-windows-x86_64-gcc10-UCRT 0.2 NOTE
r-patched-linux-x86_64 0.2 3.36 28.45 31.81 OK
r-patched-solaris-x86 0.2 56.30 OK
r-release-linux-x86_64 0.2 3.08 28.64 31.72 OK
r-release-macos-arm64 0.2 OK
r-release-macos-x86_64 0.2 OK
r-release-windows-ix86+x86_64 0.2 61.00 57.00 118.00 NOTE
r-oldrel-macos-x86_64 0.2 OK
r-oldrel-windows-ix86+x86_64 0.2 51.00 59.00 110.00 NOTE

Check Details

Version: 0.2
Check: compiled code
Result: NOTE
    File ‘wingui/libs/wingui.so’:
     Found no calls to: ‘R_registerRoutines’, ‘R_useDynamicSymbols’
    
    It is good practice to register native routines and to disable symbol
    search.
    
    See ‘Writing portable packages’ in the ‘Writing R Extensions’ manual.
Flavors: r-devel-linux-x86_64-fedora-clang, r-devel-linux-x86_64-fedora-gcc

Version: 0.2
Check: R code for possible problems
Result: NOTE
    .__A__.1 : <anonymous>: no visible binding for global variable '.hwnd'
    Undefined global functions or variables:
     .hwnd
Flavors: r-devel-windows-x86_64, r-devel-windows-x86_64-gcc10-UCRT, r-release-windows-ix86+x86_64, r-oldrel-windows-ix86+x86_64