CRAN Package Check Results for Package worldmet

Last updated on 2021-09-21 04:55:44 CEST.

Flavor Version Tinstall Tcheck Ttotal Status Flags
r-devel-linux-x86_64-debian-clang 0.9.5 12.12 101.03 113.15 OK
r-devel-linux-x86_64-debian-gcc 0.9.5 10.13 75.77 85.90 OK
r-devel-linux-x86_64-fedora-clang 0.9.5 142.74 OK
r-devel-linux-x86_64-fedora-gcc 0.9.5 127.13 OK
r-devel-windows-x86_64 0.9.5 14.00 93.00 107.00 OK
r-devel-windows-x86_64-gcc10-UCRT 0.9.5 ERROR
r-patched-linux-x86_64 0.9.5 12.49 94.07 106.56 OK
r-patched-solaris-x86 0.9.5 192.70 OK
r-release-linux-x86_64 0.9.5 11.62 95.91 107.53 OK
r-release-macos-arm64 0.9.5 OK
r-release-macos-x86_64 0.9.5 OK
r-release-windows-ix86+x86_64 0.9.5 29.00 92.00 121.00 OK
r-oldrel-macos-x86_64 0.9.5 OK
r-oldrel-windows-ix86+x86_64 0.9.5 29.00 92.00 121.00 OK

Check Details

Version: 0.9.5
Check: whether package can be installed
Result: WARN
    Found the following significant warnings:
     WARNING: installation-time patches will not be applied, could not get the patches index
Flavor: r-devel-windows-x86_64-gcc10-UCRT

Version: 0.9.5
Check: PDF version of manual
Result: WARN
    LaTeX errors when creating PDF version.
    This typically indicates Rd problems.
Flavor: r-devel-windows-x86_64-gcc10-UCRT

Version: 0.9.5
Check: PDF version of manual without hyperrefs or index
Result: ERROR
    Re-running with no redirection of stdout/stderr.
Flavor: r-devel-windows-x86_64-gcc10-UCRT