CRAN Package Check Results for Package wv

Last updated on 2021-09-23 19:52:06 CEST.

Flavor Version Tinstall Tcheck Ttotal Status Flags
r-devel-linux-x86_64-debian-clang 0.1.1 194.03 44.08 238.11 OK
r-devel-linux-x86_64-debian-gcc 0.1.1 120.79 33.36 154.15 OK
r-devel-linux-x86_64-fedora-clang 0.1.1 331.21 NOTE
r-devel-linux-x86_64-fedora-gcc 0.1.1 287.98 NOTE
r-devel-windows-x86_64 0.1.1 157.00 55.00 212.00 OK
r-devel-windows-x86_64-gcc10-UCRT 0.1.1 NOTE
r-patched-linux-x86_64 0.1.1 142.27 42.20 184.47 OK
r-patched-solaris-x86 0.1.1 257.30 NOTE
r-release-linux-x86_64 0.1.1 141.76 42.27 184.03 OK
r-release-macos-arm64 0.1.1 NOTE
r-release-macos-x86_64 0.1.1 NOTE
r-release-windows-ix86+x86_64 0.1.1 412.00 68.00 480.00 OK
r-oldrel-macos-x86_64 0.1.1 NOTE
r-oldrel-windows-ix86+x86_64 0.1.1 302.00 73.00 375.00 OK

Check Details

Version: 0.1.1
Check: installed package size
Result: NOTE
     installed size is 7.6Mb
     sub-directories of 1Mb or more:
     help 1.6Mb
     libs 5.8Mb
Flavors: r-devel-linux-x86_64-fedora-clang, r-release-macos-arm64, r-release-macos-x86_64, r-oldrel-macos-x86_64

Version: 0.1.1
Check: dependencies in R code
Result: NOTE
    Namespace in Imports field not imported from: ‘simts’
     All declared Imports should be used.
Flavors: r-devel-linux-x86_64-fedora-clang, r-devel-linux-x86_64-fedora-gcc, r-devel-windows-x86_64-gcc10-UCRT, r-patched-solaris-x86, r-release-macos-arm64, r-release-macos-x86_64, r-oldrel-macos-x86_64