Last updated on 2025-01-22 09:49:51 CET.
Flavor | Version | Tinstall | Tcheck | Ttotal | Status | Flags |
---|---|---|---|---|---|---|
r-devel-linux-x86_64-debian-clang | 1.1.19 | 8.34 | 128.10 | 136.44 | NOTE | |
r-devel-linux-x86_64-debian-gcc | 1.1.19 | 5.90 | 81.49 | 87.39 | NOTE | |
r-devel-linux-x86_64-fedora-clang | 1.1.19 | 208.61 | NOTE | |||
r-devel-linux-x86_64-fedora-gcc | 1.1.19 | 210.27 | NOTE | |||
r-devel-windows-x86_64 | 1.1.19 | 10.00 | 145.00 | 155.00 | NOTE | |
r-patched-linux-x86_64 | 1.1.19 | 8.24 | 107.69 | 115.93 | NOTE | |
r-release-linux-x86_64 | 1.1.19 | 6.85 | 106.41 | 113.26 | NOTE | |
r-release-macos-arm64 | 1.1.19 | 67.00 | NOTE | |||
r-release-macos-x86_64 | 1.1.19 | 103.00 | NOTE | |||
r-release-windows-x86_64 | 1.1.19 | 7.00 | 145.00 | 152.00 | NOTE | |
r-oldrel-macos-arm64 | 1.1.19 | 68.00 | OK | |||
r-oldrel-macos-x86_64 | 1.1.19 | 100.00 | OK | |||
r-oldrel-windows-x86_64 | 1.1.19 | 11.00 | 174.00 | 185.00 | OK |
Version: 1.1.19
Check: Rd files
Result: NOTE
checkRd: (-1) completeManualPage.Rd:12: Lost braces
12 | See \emph{\bold{code{\link{ProcessingContext}}}}. Only
| ^
checkRd: (-1) produceAllManualPagesFromObject.Rd:14: Lost braces
14 | See \emph{\bold{\\code{\link{ProcessingContext}}}}.}
| ^
Flavors: r-devel-linux-x86_64-debian-clang, r-devel-linux-x86_64-debian-gcc, r-devel-linux-x86_64-fedora-clang, r-devel-linux-x86_64-fedora-gcc, r-devel-windows-x86_64, r-patched-linux-x86_64, r-release-linux-x86_64, r-release-macos-arm64, r-release-macos-x86_64, r-release-windows-x86_64