CRAN Package Check Results for Package xesreadR

Last updated on 2024-07-21 22:49:01 CEST.

Flavor Version Tinstall Tcheck Ttotal Status Flags
r-devel-linux-x86_64-debian-clang 0.2.3 8.41 78.95 87.36 NOTE
r-devel-linux-x86_64-debian-gcc 0.2.3 7.99 60.21 68.20 NOTE
r-devel-linux-x86_64-fedora-clang 0.2.3 118.46 NOTE
r-devel-linux-x86_64-fedora-gcc 0.2.3 116.88 NOTE
r-devel-windows-x86_64 0.2.3 10.00 74.00 84.00 NOTE
r-patched-linux-x86_64 0.2.3 10.90 76.02 86.92 NOTE
r-release-linux-x86_64 0.2.3 7.02 76.26 83.28 NOTE
r-release-macos-arm64 0.2.3 40.00 NOTE
r-release-macos-x86_64 0.2.3 56.00 NOTE
r-release-windows-x86_64 0.2.3 10.00 74.00 84.00 NOTE
r-oldrel-macos-arm64 0.2.3 36.00 NOTE
r-oldrel-macos-x86_64 0.2.3 58.00 NOTE
r-oldrel-windows-x86_64 0.2.3 13.00 82.00 95.00 NOTE

Check Details

Version: 0.2.3
Check: LazyData
Result: NOTE 'LazyData' is specified without a 'data' directory Flavors: r-devel-linux-x86_64-debian-clang, r-devel-linux-x86_64-debian-gcc, r-devel-linux-x86_64-fedora-clang, r-devel-linux-x86_64-fedora-gcc, r-devel-windows-x86_64, r-patched-linux-x86_64, r-release-linux-x86_64, r-release-macos-arm64, r-release-macos-x86_64, r-release-windows-x86_64, r-oldrel-macos-arm64, r-oldrel-macos-x86_64, r-oldrel-windows-x86_64