CRAN Package Check Results for Package xlsxjars

Last updated on 2021-09-17 04:49:37 CEST.

Flavor Version Tinstall Tcheck Ttotal Status Flags
r-devel-linux-x86_64-debian-clang 0.6.1 4.49 31.42 35.91 OK
r-devel-linux-x86_64-debian-gcc 0.6.1 2.69 23.90 26.59 OK
r-devel-linux-x86_64-fedora-clang 0.6.1 48.88 NOTE
r-devel-linux-x86_64-fedora-gcc 0.6.1 38.35 OK
r-devel-windows-x86_64 0.6.1 6.00 36.00 42.00 NOTE
r-devel-windows-x86_64-gcc10-UCRT 0.6.1 OK
r-patched-linux-x86_64 0.6.1 3.71 30.32 34.03 OK
r-patched-solaris-x86 0.6.1 67.30 NOTE
r-release-linux-x86_64 0.6.1 4.13 29.80 33.93 OK
r-release-macos-arm64 0.6.1 NOTE
r-release-macos-x86_64 0.6.1 NOTE
r-release-windows-ix86+x86_64 0.6.1 9.00 38.00 47.00 NOTE
r-oldrel-macos-x86_64 0.6.1 NOTE
r-oldrel-windows-ix86+x86_64 0.6.1 7.00 36.00 43.00 NOTE

Check Details

Version: 0.6.1
Check: installed package size
Result: NOTE
     installed size is 10.8Mb
     sub-directories of 1Mb or more:
     java 10.7Mb
Flavors: r-devel-linux-x86_64-fedora-clang, r-devel-windows-x86_64, r-patched-solaris-x86, r-release-macos-arm64, r-release-macos-x86_64, r-release-windows-ix86+x86_64, r-oldrel-macos-x86_64, r-oldrel-windows-ix86+x86_64