CRAN Package Check Results for Package xpose

Last updated on 2021-09-20 01:49:16 CEST.

Flavor Version Tinstall Tcheck Ttotal Status Flags
r-devel-linux-x86_64-debian-clang 0.4.13 12.77 239.84 252.61 OK
r-devel-linux-x86_64-debian-gcc 0.4.13 11.39 168.39 179.78 OK
r-devel-linux-x86_64-fedora-clang 0.4.13 306.20 OK
r-devel-linux-x86_64-fedora-gcc 0.4.13 300.11 OK
r-devel-windows-x86_64 0.4.13 16.00 250.00 266.00 OK
r-devel-windows-x86_64-gcc10-UCRT 0.4.13 ERROR
r-patched-linux-x86_64 0.4.13 14.31 236.52 250.83 OK
r-patched-solaris-x86 0.4.13 399.40 NOTE
r-release-linux-x86_64 0.4.13 12.09 234.71 246.80 OK
r-release-macos-arm64 0.4.13 OK
r-release-macos-x86_64 0.4.13 OK
r-release-windows-ix86+x86_64 0.4.13 27.00 244.00 271.00 OK
r-oldrel-macos-x86_64 0.4.13 OK
r-oldrel-windows-ix86+x86_64 0.4.13 29.00 251.00 280.00 OK

Check Details

Version: 0.4.13
Check: whether package can be installed
Result: WARN
    Found the following significant warnings:
     WARNING: installation-time patches will not be applied, could not get the patches index
Flavor: r-devel-windows-x86_64-gcc10-UCRT

Version: 0.4.13
Check: PDF version of manual
Result: WARN
    LaTeX errors when creating PDF version.
    This typically indicates Rd problems.
Flavor: r-devel-windows-x86_64-gcc10-UCRT

Version: 0.4.13
Check: PDF version of manual without hyperrefs or index
Result: ERROR
    Re-running with no redirection of stdout/stderr.
Flavor: r-devel-windows-x86_64-gcc10-UCRT

Version: 0.4.13
Check: installed package size
Result: NOTE
     installed size is 5.1Mb
     sub-directories of 1Mb or more:
     doc 2.9Mb
Flavor: r-patched-solaris-x86