CRAN Package Check Results for Package xspliner

Last updated on 2021-09-19 16:49:34 CEST.

Flavor Version Tinstall Tcheck Ttotal Status Flags
r-devel-linux-x86_64-debian-clang 0.0.4 4.06 236.63 240.69 NOTE
r-devel-linux-x86_64-debian-gcc 0.0.4 2.42 173.73 176.15 NOTE
r-devel-linux-x86_64-fedora-clang 0.0.4 295.99 NOTE
r-devel-linux-x86_64-fedora-gcc 0.0.4 232.99 NOTE
r-devel-windows-x86_64 0.0.4 4.00 347.00 351.00 NOTE
r-devel-windows-x86_64-gcc10-UCRT 0.0.4 ERROR
r-patched-linux-x86_64 0.0.4 3.50 239.86 243.36 NOTE
r-patched-solaris-x86 0.0.4 103.60 NOTE
r-release-linux-x86_64 0.0.4 3.11 238.16 241.27 NOTE
r-release-macos-arm64 0.0.4 NOTE
r-release-macos-x86_64 0.0.4 NOTE
r-release-windows-ix86+x86_64 0.0.4 8.00 277.00 285.00 NOTE
r-oldrel-macos-x86_64 0.0.4 OK
r-oldrel-windows-ix86+x86_64 0.0.4 12.00 291.00 303.00 OK

Check Details

Version: 0.0.4
Check: LazyData
Result: NOTE
     'LazyData' is specified without a 'data' directory
Flavors: r-devel-linux-x86_64-debian-clang, r-devel-linux-x86_64-debian-gcc, r-devel-linux-x86_64-fedora-clang, r-devel-linux-x86_64-fedora-gcc, r-devel-windows-x86_64, r-devel-windows-x86_64-gcc10-UCRT, r-patched-linux-x86_64, r-patched-solaris-x86, r-release-linux-x86_64, r-release-macos-arm64, r-release-macos-x86_64, r-release-windows-ix86+x86_64

Version: 0.0.4
Check: whether package can be installed
Result: WARN
    Found the following significant warnings:
     WARNING: installation-time patches will not be applied, could not get the patches index
Flavor: r-devel-windows-x86_64-gcc10-UCRT

Version: 0.0.4
Check: PDF version of manual
Result: WARN
    LaTeX errors when creating PDF version.
    This typically indicates Rd problems.
Flavor: r-devel-windows-x86_64-gcc10-UCRT

Version: 0.0.4
Check: PDF version of manual without hyperrefs or index
Result: ERROR
    Re-running with no redirection of stdout/stderr.
Flavor: r-devel-windows-x86_64-gcc10-UCRT